{"id":1235,"date":"2020-04-04T15:14:26","date_gmt":"2020-04-04T15:14:26","guid":{"rendered":"https:\/\/the7.io\/online-courses\/?post_type=dt_portfolio&#038;p=1235"},"modified":"2020-08-13T23:25:44","modified_gmt":"2020-08-13T23:25:44","slug":"acompanamiento-espiritual-gratuito-estamos-contigo","status":"publish","type":"dt_portfolio","link":"https:\/\/obispadosanfelipe.cl\/2020\/project\/acompanamiento-espiritual-gratuito-estamos-contigo\/","title":{"rendered":"Acompa\u00f1amiento espiritual gratuito \u201cEstamos Contigo\u201d"},"content":{"rendered":"<div class=\"txt\"><\/div>\n<div><\/div>\n<div class=\"txt\">\n<p><img loading=\"lazy\" class=\" wp-image-2860 alignright\" src=\"https:\/\/obispadosanfelipe.cl\/2020\/wp-content\/uploads\/2020\/04\/104399011_3053940894689484_8344260378098772640_o-212x300.jpg\" alt=\"\" width=\"269\" height=\"381\" srcset=\"https:\/\/obispadosanfelipe.cl\/2020\/wp-content\/uploads\/2020\/04\/104399011_3053940894689484_8344260378098772640_o-212x300.jpg 212w, https:\/\/obispadosanfelipe.cl\/2020\/wp-content\/uploads\/2020\/04\/104399011_3053940894689484_8344260378098772640_o.jpg 679w\" sizes=\"(max-width: 269px) 100vw, 269px\" \/>El Servicio de Acompa\u00f1amiento espiritual de la Di\u00f3cesis de San Felipe es un proyecto de la Iglesia denominado \u201cEstamos Contigo\u201d que quiere manifestar la cercan\u00eda con quienes est\u00e1n viviendo momentos de desesperanza, soledad y tristeza, escuch\u00e1ndolos y acompa\u00f1\u00e1ndolos desde la mirada de la fe.<\/p>\n<p>Vivimos en tiempos especiales en que la humanidad ha sido remecida por la pandemia, como una pesadilla que marca con el dolor a muchos que est\u00e1n sin poder visitar a sus seres queridos, hermanos que viven la soledad de un hospital y la experiencia de funerales sin p\u00fablico. Todo esto ha producido en muchas personas ansiedad, miedo, incertidumbre, adem\u00e1s de aumento de la violencia intrafamiliar. Mayor desempleo y crisis social.<\/p>\n<p>C\u00f3mo poder acompa\u00f1ar a los hermanos y hermanas que necesitan de nuestra cercan\u00eda, de una palabra de aliento que les anime en el camino de la fe. Es la pregunta que un grupo de laicos, religiosas, sacerdotes nos hemos hecho y queremos responder. Luego de un tiempo de coordinaci\u00f3n y preparaci\u00f3n estamos ofreciendo a la comunidad diocesana un servicio de escucha y acompa\u00f1amiento, que responda a los desaf\u00edos que nos presenta la realidad actual, en que muchos se preguntan \u00bfpor qu\u00e9, Se\u00f1or, por qu\u00e9?<\/p>\n<p>Queremos que la Iglesia vaya al encuentro de los que sufren, estar cerca, los acoja telef\u00f3nicamente o por otro medio virtual y les puede dar, desde el Evangelio, el aliento necesario para animarlos en el camino en este tiempo de pandemia. Este proyecto est\u00e1 al servicio de todos; tambi\u00e9n de quienes no son cristianos. La Iglesia quiere acompa\u00f1ar a quien lo necesite, de manera totalmente gratuita.<\/p>\n<p><strong>Informaci\u00f3n pr\u00e1ctica<\/strong><\/p>\n<p><strong>Para acceder a una consulta a distancia, los interesados pueden llamar \u00a0al n\u00famero +56977451917 o al correo\u00a0<a href=\"mailto:estamoscontigo@obispadosanfelipe.cl\">estamoscontigo@obispadosanfelipe.cl<\/a><\/strong><\/p>\n<\/div>\n","protected":false},"excerpt":{"rendered":"<p>Con el objetivo de escuchar, contener y acompa\u00f1ar desde la fe a las personas \u2013no solo cristianas, sino que de forma abierta a toda ciudadan\u00eda- que este atravesando momentos dif\u00edciles, dispuso del n\u00famero telef\u00f3nico +56977451917 o al correo estamoscontigo@obispadosanfelipe.cl .<\/p>\n","protected":false},"author":1,"featured_media":2868,"comment_status":"open","ping_status":"closed","template":"","dt_portfolio_category":[23],"dt_portfolio_tags":[27],"_links":{"self":[{"href":"https:\/\/obispadosanfelipe.cl\/2020\/wp-json\/wp\/v2\/dt_portfolio\/1235"}],"collection":[{"href":"https:\/\/obispadosanfelipe.cl\/2020\/wp-json\/wp\/v2\/dt_portfolio"}],"about":[{"href":"https:\/\/obispadosanfelipe.cl\/2020\/wp-json\/wp\/v2\/types\/dt_portfolio"}],"author":[{"embeddable":true,"href":"https:\/\/obispadosanfelipe.cl\/2020\/wp-json\/wp\/v2\/users\/1"}],"replies":[{"embeddable":true,"href":"https:\/\/obispadosanfelipe.cl\/2020\/wp-json\/wp\/v2\/comments?post=1235"}],"version-history":[{"count":0,"href":"https:\/\/obispadosanfelipe.cl\/2020\/wp-json\/wp\/v2\/dt_portfolio\/1235\/revisions"}],"wp:featuredmedia":[{"embeddable":true,"href":"https:\/\/obispadosanfelipe.cl\/2020\/wp-json\/wp\/v2\/media\/2868"}],"wp:attachment":[{"href":"https:\/\/obispadosanfelipe.cl\/2020\/wp-json\/wp\/v2\/media?parent=1235"}],"wp:term":[{"taxonomy":"dt_portfolio_category","embeddable":true,"href":"https:\/\/obispadosanfelipe.cl\/2020\/wp-json\/wp\/v2\/dt_portfolio_category?post=1235"},{"taxonomy":"dt_portfolio_tags","embeddable":true,"href":"https:\/\/obispadosanfelipe.cl\/2020\/wp-json\/wp\/v2\/dt_portfolio_tags?post=1235"}],"curies":[{"name":"wp","href":"https:\/\/api.w.org\/{rel}","templated":true}]}}

Acompañamiento espiritual gratuito “Estamos Contigo”

<div class="txt"></div>
<div></div>
<div class="txt">
<p><img loading="lazy" class=" wp-image-2860 alignright" src="https://obispadosanfelipe.cl/2020/wp-content/uploads/2020/04/104399011_3053940894689484_8344260378098772640_o-212x300.jpg" alt="" width="269" height="381" srcset="https://obispadosanfelipe.cl/2020/wp-content/uploads/2020/04/104399011_3053940894689484_8344260378098772640_o-212x300.jpg 212w, https://obispadosanfelipe.cl/2020/wp-content/uploads/2020/04/104399011_3053940894689484_8344260378098772640_o.jpg 679w" sizes="(max-width: 269px) 100vw, 269px" />El Servicio de Acompañamiento espiritual de la Diócesis de San Felipe es un proyecto de la Iglesia denominado “Estamos Contigo” que quiere manifestar la cercanía con quienes están viviendo momentos de desesperanza, soledad y tristeza, escuchándolos y acompañándolos desde la mirada de la fe.</p>
<p>Vivimos en tiempos especiales en que la humanidad ha sido remecida por la pandemia, como una pesadilla que marca con el dolor a muchos que están sin poder visitar a sus seres queridos, hermanos que viven la soledad de un hospital y la experiencia de funerales sin público. Todo esto ha producido en muchas personas ansiedad, miedo, incertidumbre, además de aumento de la violencia intrafamiliar. Mayor desempleo y crisis social.</p>
<p>Cómo poder acompañar a los hermanos y hermanas que necesitan de nuestra cercanía, de una palabra de aliento que les anime en el camino de la fe. Es la pregunta que un grupo de laicos, religiosas, sacerdotes nos hemos hecho y queremos responder. Luego de un tiempo de coordinación y preparación estamos ofreciendo a la comunidad diocesana un servicio de escucha y acompañamiento, que responda a los desafíos que nos presenta la realidad actual, en que muchos se preguntan ¿por qué, Señor, por qué?</p>
<p>Queremos que la Iglesia vaya al encuentro de los que sufren, estar cerca, los acoja telefónicamente o por otro medio virtual y les puede dar, desde el Evangelio, el aliento necesario para animarlos en el camino en este tiempo de pandemia. Este proyecto está al servicio de todos; también de quienes no son cristianos. La Iglesia quiere acompañar a quien lo necesite, de manera totalmente gratuita.</p>
<p><strong>Información práctica</strong></p>
<p><strong>Para acceder a una consulta a distancia, los interesados pueden llamar  al número +56977451917 o al correo <a href="mailto:estamoscontigo@obispadosanfelipe.cl">estamoscontigo@obispadosanfelipe.cl</a></strong></p>
</div>

<p>Con el objetivo de escuchar, contener y acompañar desde la fe a las personas –no solo cristianas, sino que de forma abierta a toda ciudadanía- que este atravesando momentos difíciles, dispuso del número telefónico +56977451917 o al correo estamoscontigo@obispadosanfelipe.cl .</p>
