{"id":1249,"date":"2020-08-10T15:55:39","date_gmt":"2020-08-10T15:55:39","guid":{"rendered":"https:\/\/the7.io\/online-courses\/?post_type=dt_portfolio&#038;p=1249"},"modified":"2020-08-15T12:28:42","modified_gmt":"2020-08-15T12:28:42","slug":"comision-diocesana-de-transparencia","status":"publish","type":"dt_portfolio","link":"https:\/\/obispadosanfelipe.cl\/2020\/project\/comision-diocesana-de-transparencia\/","title":{"rendered":"Comisi\u00f3n Diocesana de Transparencia"},"content":{"rendered":"<h3><b>Definici\u00f3n y misi\u00f3n<\/b><\/h3>\n<p align=\"justify\">En el mundo social actual, se entiende por transparencia a la visi\u00f3n de la realidad desde una mirada cr\u00edtica y propositiva en aspectos concernientes a la convivencia de la persona humana, en los espacios pol\u00edticos, econ\u00f3micos, sociales y religiosos, es decir, ser transparente es ser claro, conducirse legalmente y sin corrupci\u00f3n.<\/p>\n<p align=\"justify\">La Comisi\u00f3n Diocesana de Transparencia de San Felipe de Aconcagua tendr\u00e1 por misi\u00f3n ordenar, organizar y establecer las directrices pertinentes en los \u00e1mbitos administrativos, econ\u00f3micos y lo concerniente a abusos de car\u00e1cter sexual, de conciencia y de poder. Para esto, se establece como base gu\u00eda los documentos emanados desde las distintas reparticiones de la Santa Sede, como tambi\u00e9n, las recomendaciones y ordenanzas publicadas por el Obispo de Roma. Adem\u00e1s de las orientaciones generales de la Conferencia Episcopal de Chile.<\/p>\n<p align=\"justify\">Por definici\u00f3n, la Comisi\u00f3n Diocesana de Transparencia depende de la org\u00e1nica del Obispado de San Felipe.<\/p>\n<h3 align=\"justify\"><\/h3>\n<h3 align=\"justify\"><b>Org\u00e1nica<\/b><\/h3>\n<p align=\"justify\">La Comisi\u00f3n Diocesana de Transparencia, estar\u00e1 integrada por cinco miembros laicos destacados en sus profesiones o actividades laborales y de estudio, quienes velar\u00e1n por el cumplimiento cabal de que el plan de protocolos y normativas se cumpla. Ser\u00e1 un \u00f3rgano resolutivo.<\/p>\n<p align=\"justify\">Contar\u00e1 con un director y un secretario de sesiones. De entre sus miembros tambi\u00e9n ser\u00e1 parte por derecho propio un religioso(a) o consagrado(a), designado por el obispo.<\/p>\n<p align=\"justify\">Se reunir\u00e1 4 veces al a\u00f1o como m\u00ednimo y 10 veces como m\u00e1ximo.<\/p>\n<h3 align=\"justify\"><\/h3>\n<h3 align=\"justify\"><b>\u00c1reas de Competencia:<\/b><\/h3>\n<ul>\n<li><u>\u00c1rea Econ\u00f3mica <\/u><\/li>\n<li><u>\u00c1rea Administrativa <\/u><\/li>\n<li><u>\u00c1rea de abusos de poder, conciencia y sexuales<\/u><\/li>\n<\/ul>\n","protected":false},"excerpt":{"rendered":"<p>Definici\u00f3n y misi\u00f3n En el mundo social actual, se entiende por transparencia a la visi\u00f3n de la realidad desde una mirada cr\u00edtica y propositiva en aspectos concernientes a la convivencia&hellip;<\/p>\n","protected":false},"author":1,"featured_media":3101,"comment_status":"closed","ping_status":"closed","template":"","dt_portfolio_category":[26],"dt_portfolio_tags":[27],"_links":{"self":[{"href":"https:\/\/obispadosanfelipe.cl\/2020\/wp-json\/wp\/v2\/dt_portfolio\/1249"}],"collection":[{"href":"https:\/\/obispadosanfelipe.cl\/2020\/wp-json\/wp\/v2\/dt_portfolio"}],"about":[{"href":"https:\/\/obispadosanfelipe.cl\/2020\/wp-json\/wp\/v2\/types\/dt_portfolio"}],"author":[{"embeddable":true,"href":"https:\/\/obispadosanfelipe.cl\/2020\/wp-json\/wp\/v2\/users\/1"}],"replies":[{"embeddable":true,"href":"https:\/\/obispadosanfelipe.cl\/2020\/wp-json\/wp\/v2\/comments?post=1249"}],"version-history":[{"count":0,"href":"https:\/\/obispadosanfelipe.cl\/2020\/wp-json\/wp\/v2\/dt_portfolio\/1249\/revisions"}],"wp:featuredmedia":[{"embeddable":true,"href":"https:\/\/obispadosanfelipe.cl\/2020\/wp-json\/wp\/v2\/media\/3101"}],"wp:attachment":[{"href":"https:\/\/obispadosanfelipe.cl\/2020\/wp-json\/wp\/v2\/media?parent=1249"}],"wp:term":[{"taxonomy":"dt_portfolio_category","embeddable":true,"href":"https:\/\/obispadosanfelipe.cl\/2020\/wp-json\/wp\/v2\/dt_portfolio_category?post=1249"},{"taxonomy":"dt_portfolio_tags","embeddable":true,"href":"https:\/\/obispadosanfelipe.cl\/2020\/wp-json\/wp\/v2\/dt_portfolio_tags?post=1249"}],"curies":[{"name":"wp","href":"https:\/\/api.w.org\/{rel}","templated":true}]}}

Comisión Diocesana de Transparencia

<h3><b>Definición y misión</b></h3>
<p align="justify">En el mundo social actual, se entiende por transparencia a la visión de la realidad desde una mirada crítica y propositiva en aspectos concernientes a la convivencia de la persona humana, en los espacios políticos, económicos, sociales y religiosos, es decir, ser transparente es ser claro, conducirse legalmente y sin corrupción.</p>
<p align="justify">La Comisión Diocesana de Transparencia de San Felipe de Aconcagua tendrá por misión ordenar, organizar y establecer las directrices pertinentes en los ámbitos administrativos, económicos y lo concerniente a abusos de carácter sexual, de conciencia y de poder. Para esto, se establece como base guía los documentos emanados desde las distintas reparticiones de la Santa Sede, como también, las recomendaciones y ordenanzas publicadas por el Obispo de Roma. Además de las orientaciones generales de la Conferencia Episcopal de Chile.</p>
<p align="justify">Por definición, la Comisión Diocesana de Transparencia depende de la orgánica del Obispado de San Felipe.</p>
<h3 align="justify"></h3>
<h3 align="justify"><b>Orgánica</b></h3>
<p align="justify">La Comisión Diocesana de Transparencia, estará integrada por cinco miembros laicos destacados en sus profesiones o actividades laborales y de estudio, quienes velarán por el cumplimiento cabal de que el plan de protocolos y normativas se cumpla. Será un órgano resolutivo.</p>
<p align="justify">Contará con un director y un secretario de sesiones. De entre sus miembros también será parte por derecho propio un religioso(a) o consagrado(a), designado por el obispo.</p>
<p align="justify">Se reunirá 4 veces al año como mínimo y 10 veces como máximo.</p>
<h3 align="justify"></h3>
<h3 align="justify"><b>Áreas de Competencia:</b></h3>
<ul>
<li><u>Área Económica </u></li>
<li><u>Área Administrativa </u></li>
<li><u>Área de abusos de poder, conciencia y sexuales</u></li>
</ul>

<p>Definición y misión En el mundo social actual, se entiende por transparencia a la visión de la realidad desde una mirada crítica y propositiva en aspectos concernientes a la convivencia&hellip;</p>
