{"id":2335,"date":"2020-08-09T02:55:42","date_gmt":"2020-08-09T02:55:42","guid":{"rendered":"https:\/\/obispadosanfelipe.cl\/2020\/?page_id=2335"},"modified":"2020-08-15T04:50:17","modified_gmt":"2020-08-15T04:50:17","slug":"historia","status":"publish","type":"page","link":"https:\/\/obispadosanfelipe.cl\/2020\/historia\/","title":{"rendered":"Historia"},"content":{"rendered":"<h1><\/h1>\n<h1><\/h1>\n<h1 class=\"txt\"><strong>Historia de la di\u00f3cesis de San Felipe de Aconcagua<\/strong><\/h1>\n<p style=\"text-align: justify;\">El tercer obispo de Santiago el franciscano fray Diego de Medell\u00edn, fue el primero en mencionar Aconcagua en una carta dirigida al Rey el 18 de febrero de 1585. Dando cuenta de la vida de la di\u00f3cesis, en esta misiva consigna el nombre del sacerdote que ten\u00eda la atenci\u00f3n espiritual de toda la provincia \u201cPantale\u00f3n Correa, cl\u00e9rigo presb\u00edtero sirve la doctrina de Aconcagua, Curim\u00f3n y Putaendo; el salario que tiene es de 400 pesos en oro y comida\u201d1, se desprende adem\u00e1s que Aconcagua no tuvo sacerdote especial para su atenci\u00f3n, sino despu\u00e9s del 15 de abril de 1580. Se sabe que Correa permaneci\u00f3 en el Valle hasta 1588, en agosto de ese mismo a\u00f1o ya se encontraba en Per\u00fa.2<\/p>\n<p style=\"text-align: justify;\">Unos a\u00f1os m\u00e1s tarde, en 1603, se establece en la zona la Orden de los Agustinos, quienes se ubicaron gracias al Capit\u00e1n Francisco S\u00e1ez de Mena, quien pose\u00eda grandes extensiones de tierra y se cuenta que eran las m\u00e1s f\u00e9rtiles de la regi\u00f3n, entre Catemu y Curim\u00f3n. Algunas de las cuales asign\u00f3 al convento de los agustinos de Santiago. Gracias a estos terrenos, la Orden fund\u00f3 su s\u00e9ptimo convento en Chile. Seg\u00fan el relato del jesuita Miguel de Olivares, este convento solo se mantuvo hasta 1625:<\/p>\n<blockquote><p><em>Aconcagua en una eminencia que llaman el cerrillo de Santo Tom\u00e9, por la antigua tradici\u00f3n de que desde el predicaban a los indios el santo ap\u00f3stol. Dur\u00f3 poco este convento, porque el Vicario Provincial que vino de Per\u00fa lo destruy\u00f3, o por no tener fondos con qu\u00e9 subsistir, y por el motivo pol\u00edtico de que no se ausentasen tanto en Chile las casas religiosas, que bastasen a formar nuevas provincias de las del Per\u00fa<\/em>.3<\/p><\/blockquote>\n<p style=\"text-align: justify;\">Un aporte importante lo dej\u00f3 el cuadro trazado por el obispo Gaspar de Villarroel el 21 de noviembre de 1646, este fraile agustino natural de Ecuador y por esos a\u00f1os s\u00e9ptimo obispo de Santiago, levanta un informe detallado sobre las doctrinas y curatos. Veinte a\u00f1os despu\u00e9s, el obispo Umanzoro el 14 de julio de 1662, da cuenta de las dimensiones de Aconcagua y las distancias de sus poblados:<\/p>\n<blockquote><p><em>La doctrina de Aconcagua tiene de contorno 24 leguas y comprende los pueblos de Aconcagua y Putaendo, r\u00edo en medio, hay distancia del uno al otro 5 leguas, y en \u00e9l muchas estancias de \u00e9sta, y de la otra parte del r\u00edo distantes unas de otras a 4, a 6, a 8 y a 10 leguas pobladas de indios y negros obrajes<\/em>.4<\/p><\/blockquote>\n<p style=\"text-align: justify;\">Fue fundado hacia 1687 el primer convento mercedario en la localidad. Seg\u00fan Julio Figueroa en su \u201cHistoria de San Felipe\u201d nos dice que:<\/p>\n<blockquote><p><em>los mercedarios no han sido muy afortunados para construir su templo que a la fecha de 1902 se les ha venido al suelo 4 veces, sin que en el espacio de m\u00e1s de 200 a\u00f1os hayan podido terminar una mediana iglesia, tal vez no por falta de diligencia de los padres, sino porque talvez el celo religioso de los fieles de Aconcagua va decayendo de una manera notable a medida que la civilizaci\u00f3n se abre paso; a tal extremo que hoy nadie deja por testamento o donaci\u00f3n ni siquiera una miserable cuadra de tierra para regal\u00eda de los frailes<\/em>.5<\/p><\/blockquote>\n<div id=\"attachment_3079\" style=\"width: 310px\" class=\"wp-caption alignleft\"><img aria-describedby=\"caption-attachment-3079\" loading=\"lazy\" class=\"size-medium wp-image-3079\" src=\"https:\/\/obispadosanfelipe.cl\/2020\/wp-content\/uploads\/2020\/08\/coleccion-300x212.png\" alt=\"\" width=\"300\" height=\"212\" srcset=\"https:\/\/obispadosanfelipe.cl\/2020\/wp-content\/uploads\/2020\/08\/coleccion-300x212.png 300w, https:\/\/obispadosanfelipe.cl\/2020\/wp-content\/uploads\/2020\/08\/coleccion.png 551w\" sizes=\"(max-width: 300px) 100vw, 300px\" \/><p id=\"caption-attachment-3079\" class=\"wp-caption-text\">Colecci\u00f3n: Biblioteca Nacional de Chile, MC0003147, BN: 1073144, 1650<\/p><\/div>\n<div id=\"attachment_3080\" style=\"width: 211px\" class=\"wp-caption alignright\"><img aria-describedby=\"caption-attachment-3080\" loading=\"lazy\" class=\"size-medium wp-image-3080\" src=\"https:\/\/obispadosanfelipe.cl\/2020\/wp-content\/uploads\/2020\/08\/catedral-201x300.png\" alt=\"\" width=\"201\" height=\"300\" srcset=\"https:\/\/obispadosanfelipe.cl\/2020\/wp-content\/uploads\/2020\/08\/catedral-201x300.png 201w, https:\/\/obispadosanfelipe.cl\/2020\/wp-content\/uploads\/2020\/08\/catedral.png 501w\" sizes=\"(max-width: 201px) 100vw, 201px\" \/><p id=\"caption-attachment-3080\" class=\"wp-caption-text\">Catedral de San Felipe (Chile), 1910, Colecci\u00f3n: Museo Hist\u00f3rico Nacional, MC00141951 (7)<\/p><\/div>\n<p style=\"text-align: justify;\">San Felipe fue fundada por el gobernador Jos\u00e9 Antonio Manso de Velasco el 3 de agosto de 1740, con el nombre de villa de San Felipe del Real. El acto no constituy\u00f3 un hecho aislado, sino que se enmarc\u00f3 en las reformas administrativas de Am\u00e9rica colonial introducidas por la casa de Borb\u00f3n, a comienzos del siglo XVIII. Dichas reformas pretend\u00edan hacer m\u00e1s eficiente la administraci\u00f3n colonial e incrementar los recursos obtenidos por la v\u00eda tributaria. En el aspecto territorial, los funcionarios borb\u00f3nicos estimaban que la poblaci\u00f3n de las Indias viv\u00eda demasiado dispersa, lo que dificultaba el control de sus actividades productivas y estimulaba los arreglos informales entre vecinos y bur\u00f3cratas locales que deven\u00edan en evasi\u00f3n de impuestos y abusos. El remedio propuesto fue estimular la vida urbana, ya que en ese medio la presencia del Estado es m\u00e1s efectiva; y como incentivo, la corona ofrec\u00eda a quien quisiera convertirse en vecino de una villa una serie de derechos pol\u00edticos y privilegios que permit\u00edan al individuo ascender en la escala social.6<\/p>\n<p style=\"text-align: justify;\">La riqueza del valle del Aconcagua sigui\u00f3 nutriendo la fortaleza de su gente y la vida en comunidad que era cotidiana, fue marcando una impronta digna de ser reconocida. As\u00ed, se construyeron capillas, parroquias y santuarios, muchos de los cuales han llegado a nuestros d\u00edas. Uno de los grandes reconocimientos de la zona fue la creaci\u00f3n de su obispado como fiel reflejo de una comunidad creyente y devota.<\/p>\n<p style=\"text-align: justify;\">Ser\u00e1 el 18 de octubre de 1925, mediante la Bula Apost\u00f3lica \u201cApostolici Muneris Ratio\u201d de S.S. P\u00edo XI cuando se erige la Di\u00f3cesis de San Felipe de Aconcagua, cuyo titular es San Felipe Ap\u00f3stol, designando como Primer Obispo a Mons. Melquisedec del Canto y Ter\u00e1n. Adem\u00e1s de las Di\u00f3cesis de Valpara\u00edso, Rancagua y Talca.<\/p>\n<p>&nbsp;<\/p>\n<p>Notas_____________________________________________<\/p>\n<p>1 Elias Lizana, Colecci\u00f3n de Documentos Hist\u00f3ricos recopilados del Archivo del Arzobispado de Santiago, T. I, imprenta San Jos\u00e9, Santiago, 1919, doc. 11, p. 26.<br \/>\n2 Luis Prieto, Diccionario Biogr\u00e1fico del Clero, Imprenta Chile, Santiago, 1922, p. 124 y 170.<br \/>\n3 Miguel de Olivares, Historia de Chile, Imprenta Elsevirano, Santiago, 1900, Libro IV, cap. 26, p. 290.<br \/>\n4 Elias Lizana, Colecci\u00f3n de Documentos Hist\u00f3ricos recopilados del Archivo del Arzobispado de Santiago, T. I, imprenta San Jos\u00e9, Santiago, 1919, doc. 84, p. 205.<\/p>\n<p>5 Julio Figueroa, Historia de San Felipe, Imprenta La Voz de Aconcagua, San Felipe, 1902, p. 37.<br \/>\n6 BIBLIOTECA NACIONAL DE CHILE. \u00abFundaci\u00f3n de San Felipe\u00bb, en: San Felipe y Los Andes (1740- 1910). Memoria Chilena. Disponible en http:\/\/www.memoriachilena.gob.cl\/602\/w3-article-97780.html . Accedido en 14-08-2020.<br \/>\n7 Catedral de San Felipe, hacia 1910. Disponible en Memoria Chilena, Biblioteca Nacional de Chile <span style=\"color: #0563c1;\"><u><a href=\"http:\/\/www.memoriachilena.gob.cl\/602\/w3-article-72021.html%20.%20Accedido%20en%2014-08-2020\">http:\/\/www.memoriachilena.gob.cl\/602\/w3-article-72021.html . Accedido en 14-08-2020<\/a><\/u><\/span>.<\/p>\n<p>&nbsp;<\/p>\n","protected":false},"excerpt":{"rendered":"<p>Historia de la di\u00f3cesis de San Felipe de Aconcagua El tercer obispo de Santiago el franciscano fray Diego de Medell\u00edn, fue el primero en mencionar Aconcagua en una carta dirigida&hellip;<\/p>\n","protected":false},"author":1,"featured_media":0,"parent":0,"menu_order":0,"comment_status":"closed","ping_status":"closed","template":"","meta":[],"_links":{"self":[{"href":"https:\/\/obispadosanfelipe.cl\/2020\/wp-json\/wp\/v2\/pages\/2335"}],"collection":[{"href":"https:\/\/obispadosanfelipe.cl\/2020\/wp-json\/wp\/v2\/pages"}],"about":[{"href":"https:\/\/obispadosanfelipe.cl\/2020\/wp-json\/wp\/v2\/types\/page"}],"author":[{"embeddable":true,"href":"https:\/\/obispadosanfelipe.cl\/2020\/wp-json\/wp\/v2\/users\/1"}],"replies":[{"embeddable":true,"href":"https:\/\/obispadosanfelipe.cl\/2020\/wp-json\/wp\/v2\/comments?post=2335"}],"version-history":[{"count":0,"href":"https:\/\/obispadosanfelipe.cl\/2020\/wp-json\/wp\/v2\/pages\/2335\/revisions"}],"wp:attachment":[{"href":"https:\/\/obispadosanfelipe.cl\/2020\/wp-json\/wp\/v2\/media?parent=2335"}],"curies":[{"name":"wp","href":"https:\/\/api.w.org\/{rel}","templated":true}]}}

<h1></h1>
<h1></h1>
<h1 class="txt"><strong>Historia de la diócesis de San Felipe de Aconcagua</strong></h1>
<p style="text-align: justify;">El tercer obispo de Santiago el franciscano fray Diego de Medellín, fue el primero en mencionar Aconcagua en una carta dirigida al Rey el 18 de febrero de 1585. Dando cuenta de la vida de la diócesis, en esta misiva consigna el nombre del sacerdote que tenía la atención espiritual de toda la provincia “Pantaleón Correa, clérigo presbítero sirve la doctrina de Aconcagua, Curimón y Putaendo; el salario que tiene es de 400 pesos en oro y comida”1, se desprende además que Aconcagua no tuvo sacerdote especial para su atención, sino después del 15 de abril de 1580. Se sabe que Correa permaneció en el Valle hasta 1588, en agosto de ese mismo año ya se encontraba en Perú.2</p>
<p style="text-align: justify;">Unos años más tarde, en 1603, se establece en la zona la Orden de los Agustinos, quienes se ubicaron gracias al Capitán Francisco Sáez de Mena, quien poseía grandes extensiones de tierra y se cuenta que eran las más fértiles de la región, entre Catemu y Curimón. Algunas de las cuales asignó al convento de los agustinos de Santiago. Gracias a estos terrenos, la Orden fundó su séptimo convento en Chile. Según el relato del jesuita Miguel de Olivares, este convento solo se mantuvo hasta 1625:</p>
<blockquote><p><em>Aconcagua en una eminencia que llaman el cerrillo de Santo Tomé, por la antigua tradición de que desde el predicaban a los indios el santo apóstol. Duró poco este convento, porque el Vicario Provincial que vino de Perú lo destruyó, o por no tener fondos con qué subsistir, y por el motivo político de que no se ausentasen tanto en Chile las casas religiosas, que bastasen a formar nuevas provincias de las del Perú</em>.3</p></blockquote>
<p style="text-align: justify;">Un aporte importante lo dejó el cuadro trazado por el obispo Gaspar de Villarroel el 21 de noviembre de 1646, este fraile agustino natural de Ecuador y por esos años séptimo obispo de Santiago, levanta un informe detallado sobre las doctrinas y curatos. Veinte años después, el obispo Umanzoro el 14 de julio de 1662, da cuenta de las dimensiones de Aconcagua y las distancias de sus poblados:</p>
<blockquote><p><em>La doctrina de Aconcagua tiene de contorno 24 leguas y comprende los pueblos de Aconcagua y Putaendo, río en medio, hay distancia del uno al otro 5 leguas, y en él muchas estancias de ésta, y de la otra parte del río distantes unas de otras a 4, a 6, a 8 y a 10 leguas pobladas de indios y negros obrajes</em>.4</p></blockquote>
<p style="text-align: justify;">Fue fundado hacia 1687 el primer convento mercedario en la localidad. Según Julio Figueroa en su “Historia de San Felipe” nos dice que:</p>
<blockquote><p><em>los mercedarios no han sido muy afortunados para construir su templo que a la fecha de 1902 se les ha venido al suelo 4 veces, sin que en el espacio de más de 200 años hayan podido terminar una mediana iglesia, tal vez no por falta de diligencia de los padres, sino porque talvez el celo religioso de los fieles de Aconcagua va decayendo de una manera notable a medida que la civilización se abre paso; a tal extremo que hoy nadie deja por testamento o donación ni siquiera una miserable cuadra de tierra para regalía de los frailes</em>.5</p></blockquote>
<div id="attachment_3079" style="width: 310px" class="wp-caption alignleft"><img aria-describedby="caption-attachment-3079" loading="lazy" class="size-medium wp-image-3079" src="https://obispadosanfelipe.cl/2020/wp-content/uploads/2020/08/coleccion-300x212.png" alt="" width="300" height="212" srcset="https://obispadosanfelipe.cl/2020/wp-content/uploads/2020/08/coleccion-300x212.png 300w, https://obispadosanfelipe.cl/2020/wp-content/uploads/2020/08/coleccion.png 551w" sizes="(max-width: 300px) 100vw, 300px" /><p id="caption-attachment-3079" class="wp-caption-text">Colección: Biblioteca Nacional de Chile, MC0003147, BN: 1073144, 1650</p></div>
<div id="attachment_3080" style="width: 211px" class="wp-caption alignright"><img aria-describedby="caption-attachment-3080" loading="lazy" class="size-medium wp-image-3080" src="https://obispadosanfelipe.cl/2020/wp-content/uploads/2020/08/catedral-201x300.png" alt="" width="201" height="300" srcset="https://obispadosanfelipe.cl/2020/wp-content/uploads/2020/08/catedral-201x300.png 201w, https://obispadosanfelipe.cl/2020/wp-content/uploads/2020/08/catedral.png 501w" sizes="(max-width: 201px) 100vw, 201px" /><p id="caption-attachment-3080" class="wp-caption-text">Catedral de San Felipe (Chile), 1910, Colección: Museo Histórico Nacional, MC00141951 (7)</p></div>
<p style="text-align: justify;">San Felipe fue fundada por el gobernador José Antonio Manso de Velasco el 3 de agosto de 1740, con el nombre de villa de San Felipe del Real. El acto no constituyó un hecho aislado, sino que se enmarcó en las reformas administrativas de América colonial introducidas por la casa de Borbón, a comienzos del siglo XVIII. Dichas reformas pretendían hacer más eficiente la administración colonial e incrementar los recursos obtenidos por la vía tributaria. En el aspecto territorial, los funcionarios borbónicos estimaban que la población de las Indias vivía demasiado dispersa, lo que dificultaba el control de sus actividades productivas y estimulaba los arreglos informales entre vecinos y burócratas locales que devenían en evasión de impuestos y abusos. El remedio propuesto fue estimular la vida urbana, ya que en ese medio la presencia del Estado es más efectiva; y como incentivo, la corona ofrecía a quien quisiera convertirse en vecino de una villa una serie de derechos políticos y privilegios que permitían al individuo ascender en la escala social.6</p>
<p style="text-align: justify;">La riqueza del valle del Aconcagua siguió nutriendo la fortaleza de su gente y la vida en comunidad que era cotidiana, fue marcando una impronta digna de ser reconocida. Así, se construyeron capillas, parroquias y santuarios, muchos de los cuales han llegado a nuestros días. Uno de los grandes reconocimientos de la zona fue la creación de su obispado como fiel reflejo de una comunidad creyente y devota.</p>
<p style="text-align: justify;">Será el 18 de octubre de 1925, mediante la Bula Apostólica “Apostolici Muneris Ratio” de S.S. Pío XI cuando se erige la Diócesis de San Felipe de Aconcagua, cuyo titular es San Felipe Apóstol, designando como Primer Obispo a Mons. Melquisedec del Canto y Terán. Además de las Diócesis de Valparaíso, Rancagua y Talca.</p>
<p>&nbsp;</p>
<p>Notas_____________________________________________</p>
<p>1 Elias Lizana, Colección de Documentos Históricos recopilados del Archivo del Arzobispado de Santiago, T. I, imprenta San José, Santiago, 1919, doc. 11, p. 26.<br />
2 Luis Prieto, Diccionario Biográfico del Clero, Imprenta Chile, Santiago, 1922, p. 124 y 170.<br />
3 Miguel de Olivares, Historia de Chile, Imprenta Elsevirano, Santiago, 1900, Libro IV, cap. 26, p. 290.<br />
4 Elias Lizana, Colección de Documentos Históricos recopilados del Archivo del Arzobispado de Santiago, T. I, imprenta San José, Santiago, 1919, doc. 84, p. 205.</p>
<p>5 Julio Figueroa, Historia de San Felipe, Imprenta La Voz de Aconcagua, San Felipe, 1902, p. 37.<br />
6 BIBLIOTECA NACIONAL DE CHILE. «Fundación de San Felipe», en: San Felipe y Los Andes (1740- 1910). Memoria Chilena. Disponible en http://www.memoriachilena.gob.cl/602/w3-article-97780.html . Accedido en 14-08-2020.<br />
7 Catedral de San Felipe, hacia 1910. Disponible en Memoria Chilena, Biblioteca Nacional de Chile <span style="color: #0563c1;"><u><a href="http://www.memoriachilena.gob.cl/602/w3-article-72021.html%20.%20Accedido%20en%2014-08-2020">http://www.memoriachilena.gob.cl/602/w3-article-72021.html . Accedido en 14-08-2020</a></u></span>.</p>
<p>&nbsp;</p>

<p>Historia de la diócesis de San Felipe de Aconcagua El tercer obispo de Santiago el franciscano fray Diego de Medellín, fue el primero en mencionar Aconcagua en una carta dirigida&hellip;</p>
