{"id":2407,"date":"2020-08-10T00:54:09","date_gmt":"2020-08-10T00:54:09","guid":{"rendered":"https:\/\/obispadosanfelipe.cl\/2020\/?page_id=2407"},"modified":"2021-08-13T15:25:58","modified_gmt":"2021-08-13T15:25:58","slug":"san-francisco-de-asis-1927-curimon","status":"publish","type":"page","link":"https:\/\/obispadosanfelipe.cl\/2020\/san-francisco-de-asis-1927-curimon\/","title":{"rendered":"San Francisco de As\u00eds (1927) &#8211; Curim\u00f3n"},"content":{"rendered":"\t\t<div data-elementor-type=\"wp-page\" data-elementor-id=\"2407\" class=\"elementor elementor-2407\" data-elementor-settings=\"[]\">\n\t\t\t\t\t\t<div class=\"elementor-inner\">\n\t\t\t\t\t\t\t<div class=\"elementor-section-wrap\">\n\t\t\t\t\t\t\t<section class=\"elementor-section elementor-top-section elementor-element elementor-element-1731a179 elementor-section-boxed elementor-section-height-default elementor-section-height-default\" data-id=\"1731a179\" data-element_type=\"section\">\n\t\t\t\t\t\t<div class=\"elementor-container elementor-column-gap-default\">\n\t\t\t\t\t\t\t<div class=\"elementor-row\">\n\t\t\t\t\t<div class=\"elementor-column elementor-col-100 elementor-top-column elementor-element elementor-element-3fc517cd\" data-id=\"3fc517cd\" data-element_type=\"column\">\n\t\t\t<div class=\"elementor-column-wrap elementor-element-populated\">\n\t\t\t\t\t\t\t<div class=\"elementor-widget-wrap\">\n\t\t\t\t\t\t<div class=\"elementor-element elementor-element-6b4ced38 elementor-widget elementor-widget-text-editor\" data-id=\"6b4ced38\" data-element_type=\"widget\" data-widget_type=\"text-editor.default\">\n\t\t\t\t<div class=\"elementor-widget-container\">\n\t\t\t\t\t\t\t\t<div class=\"elementor-text-editor elementor-clearfix\">\n\t\t\t\t\t<table style=\"width: 91.8113%; height: 170px;\" border=\"0\" width=\"471\" cellspacing=\"0\" cellpadding=\"2\">\n<tbody>\n<tr style=\"height: 21px;\">\n<td class=\"txt\" style=\"height: 21px;\" width=\"145\"><img loading=\"lazy\" src=\"https:\/\/www.obispadosanfelipe.cl\/imagenes\/blue.png\" alt=\"\" width=\"6\" height=\"7\">&nbsp;P\u00e1rroco:<\/td>\n<td style=\"height: 21px;\" width=\"6\">&nbsp;<\/td>\n<td class=\"txt\" style=\"height: 21px;\" width=\"308\">Pbro. Luis N\u00fa\u00f1ez Jim\u00e9nez<\/td>\n<\/tr>\n<tr style=\"height: 21px;\">\n<td class=\"txt\" style=\"height: 21px;\"><img loading=\"lazy\" src=\"https:\/\/www.obispadosanfelipe.cl\/imagenes\/blue.png\" alt=\"\" width=\"6\" height=\"7\">Secretario:<\/td>\n<td style=\"height: 21px;\">&nbsp;<\/td>\n<td class=\"txt\" style=\"height: 21px;\">Alexis Maldonado<\/td>\n<\/tr>\n<tr style=\"height: 43px;\">\n<td class=\"txt\" style=\"height: 43px;\"><img loading=\"lazy\" src=\"https:\/\/www.obispadosanfelipe.cl\/imagenes\/blue.png\" alt=\"\" width=\"6\" height=\"7\">&nbsp;Direcci\u00f3n:<\/td>\n<td style=\"height: 43px;\">&nbsp;<\/td>\n<td class=\"txt\" style=\"height: 43px;\">Santiago Bueras&nbsp; N\u00ba 1291, Casilla N\u00ba 27.&nbsp; Curim\u00f3n.<\/td>\n<\/tr>\n<tr style=\"height: 43px;\">\n<td style=\"height: 43px;\">Horario de Atenci\u00f3n<\/td>\n<td style=\"height: 43px;\">&nbsp;<\/td>\n<td style=\"height: 43px;\">Lunes a las Viernes de 10:00 Hrs. a 13:30 Hrs Ma\u00f1ana, Tarde de 15:30 A 18:30 Hrs.<\/td>\n<\/tr>\n<tr style=\"height: 21px;\">\n<td class=\"txt\" style=\"height: 21px;\"><img loading=\"lazy\" src=\"https:\/\/www.obispadosanfelipe.cl\/imagenes\/blue.png\" alt=\"\" width=\"6\" height=\"7\">&nbsp;Fono:<\/td>\n<td style=\"height: 21px;\">&nbsp;<\/td>\n<td class=\"txt\" style=\"height: 21px;\">&nbsp;+569 98809077<\/td>\n<\/tr>\n<tr style=\"height: 21px;\">\n<td style=\"height: 21px;\">Horario de misa<\/td>\n<td style=\"height: 21px;\">&nbsp;<\/td>\n<td style=\"height: 21px;\">Domingo 11.30 hrs.&nbsp;<\/td>\n<\/tr>\n<\/tbody>\n<\/table>\t\t\t\t\t<\/div>\n\t\t\t\t\t\t<\/div>\n\t\t\t\t<\/div>\n\t\t\t\t\t\t<\/div>\n\t\t\t\t\t<\/div>\n\t\t<\/div>\n\t\t\t\t\t\t\t\t<\/div>\n\t\t\t\t\t<\/div>\n\t\t<\/section>\n\t\t\t\t<section class=\"elementor-section elementor-top-section elementor-element elementor-element-91a8fa4 elementor-section-boxed elementor-section-height-default elementor-section-height-default\" data-id=\"91a8fa4\" data-element_type=\"section\">\n\t\t\t\t\t\t<div class=\"elementor-container elementor-column-gap-default\">\n\t\t\t\t\t\t\t<div class=\"elementor-row\">\n\t\t\t\t\t<div class=\"elementor-column elementor-col-100 elementor-top-column elementor-element elementor-element-600182e\" data-id=\"600182e\" data-element_type=\"column\">\n\t\t\t<div class=\"elementor-column-wrap elementor-element-populated\">\n\t\t\t\t\t\t\t<div class=\"elementor-widget-wrap\">\n\t\t\t\t\t\t<div class=\"elementor-element elementor-element-7ad0b11 elementor-widget elementor-widget-image\" data-id=\"7ad0b11\" data-element_type=\"widget\" data-widget_type=\"image.default\">\n\t\t\t\t<div class=\"elementor-widget-container\">\n\t\t\t\t\t\t\t\t<div class=\"elementor-image\">\n\t\t\t\t\t\t\t\t\t\t\t\t<img width=\"800\" height=\"529\" src=\"https:\/\/obispadosanfelipe.cl\/2020\/wp-content\/uploads\/2020\/08\/SAN-FELIPE-DIA-DEL-PATRIMONIO.jpg\" class=\"attachment-large size-large\" alt=\"\" loading=\"lazy\" srcset=\"https:\/\/obispadosanfelipe.cl\/2020\/wp-content\/uploads\/2020\/08\/SAN-FELIPE-DIA-DEL-PATRIMONIO.jpg 800w, https:\/\/obispadosanfelipe.cl\/2020\/wp-content\/uploads\/2020\/08\/SAN-FELIPE-DIA-DEL-PATRIMONIO-300x198.jpg 300w, https:\/\/obispadosanfelipe.cl\/2020\/wp-content\/uploads\/2020\/08\/SAN-FELIPE-DIA-DEL-PATRIMONIO-768x508.jpg 768w\" sizes=\"(max-width: 800px) 100vw, 800px\" \/>\t\t\t\t\t\t\t\t\t\t\t\t\t\t<\/div>\n\t\t\t\t\t\t<\/div>\n\t\t\t\t<\/div>\n\t\t\t\t\t\t<\/div>\n\t\t\t\t\t<\/div>\n\t\t<\/div>\n\t\t\t\t\t\t\t\t<\/div>\n\t\t\t\t\t<\/div>\n\t\t<\/section>\n\t\t\t\t<section class=\"elementor-section elementor-top-section elementor-element elementor-element-8f6bfcc elementor-section-boxed elementor-section-height-default elementor-section-height-default\" data-id=\"8f6bfcc\" data-element_type=\"section\">\n\t\t\t\t\t\t<div class=\"elementor-container elementor-column-gap-default\">\n\t\t\t\t\t\t\t<div class=\"elementor-row\">\n\t\t\t\t\t<div class=\"elementor-column elementor-col-100 elementor-top-column elementor-element elementor-element-29ef88c\" data-id=\"29ef88c\" data-element_type=\"column\">\n\t\t\t<div class=\"elementor-column-wrap elementor-element-populated\">\n\t\t\t\t\t\t\t<div class=\"elementor-widget-wrap\">\n\t\t\t\t\t\t<div class=\"elementor-element elementor-element-8017284 elementor-widget-divider--view-line elementor-widget elementor-widget-divider\" data-id=\"8017284\" data-element_type=\"widget\" data-widget_type=\"divider.default\">\n\t\t\t\t<div class=\"elementor-widget-container\">\n\t\t\t\t\t<div class=\"elementor-divider\">\n\t\t\t<span class=\"elementor-divider-separator\">\n\t\t\t\t\t\t<\/span>\n\t\t<\/div>\n\t\t\t\t<\/div>\n\t\t\t\t<\/div>\n\t\t\t\t\t\t<\/div>\n\t\t\t\t\t<\/div>\n\t\t<\/div>\n\t\t\t\t\t\t\t\t<\/div>\n\t\t\t\t\t<\/div>\n\t\t<\/section>\n\t\t\t\t<section class=\"elementor-section elementor-top-section elementor-element elementor-element-fc68b4a elementor-section-boxed elementor-section-height-default elementor-section-height-default\" data-id=\"fc68b4a\" data-element_type=\"section\">\n\t\t\t\t\t\t<div class=\"elementor-container elementor-column-gap-default\">\n\t\t\t\t\t\t\t<div class=\"elementor-row\">\n\t\t\t\t\t<div class=\"elementor-column elementor-col-100 elementor-top-column elementor-element elementor-element-623b023\" data-id=\"623b023\" data-element_type=\"column\">\n\t\t\t<div class=\"elementor-column-wrap elementor-element-populated\">\n\t\t\t\t\t\t\t<div class=\"elementor-widget-wrap\">\n\t\t\t\t\t\t<div class=\"elementor-element elementor-element-2f9c78f elementor-widget elementor-widget-google_maps\" data-id=\"2f9c78f\" data-element_type=\"widget\" data-widget_type=\"google_maps.default\">\n\t\t\t\t<div class=\"elementor-widget-container\">\n\t\t\t<div class=\"elementor-custom-embed\"><iframe frameborder=\"0\" scrolling=\"no\" marginheight=\"0\" marginwidth=\"0\" src=\"https:\/\/maps.google.com\/maps?q=iglesia%20San%20Francisco%20de%20Curimon&amp;t=m&amp;z=10&amp;output=embed&amp;iwloc=near\" title=\"iglesia San Francisco de Curimon\" aria-label=\"iglesia San Francisco de Curimon\"><\/iframe><\/div>\t\t<\/div>\n\t\t\t\t<\/div>\n\t\t\t\t\t\t<\/div>\n\t\t\t\t\t<\/div>\n\t\t<\/div>\n\t\t\t\t\t\t\t\t<\/div>\n\t\t\t\t\t<\/div>\n\t\t<\/section>\n\t\t\t\t\t\t<\/div>\n\t\t\t\t\t\t<\/div>\n\t\t\t\t\t<\/div>\n\t\t","protected":false},"excerpt":{"rendered":"<p>&nbsp;P\u00e1rroco: &nbsp; Pbro. Luis N\u00fa\u00f1ez Jim\u00e9nez Secretario: &nbsp; Alexis Maldonado &nbsp;Direcci\u00f3n: &nbsp; Santiago Bueras&nbsp; N\u00ba 1291, Casilla N\u00ba 27.&nbsp; Curim\u00f3n. Horario de Atenci\u00f3n &nbsp; Lunes a las Viernes de 10:00&hellip;<\/p>\n","protected":false},"author":1,"featured_media":0,"parent":0,"menu_order":0,"comment_status":"closed","ping_status":"closed","template":"","meta":[],"_links":{"self":[{"href":"https:\/\/obispadosanfelipe.cl\/2020\/wp-json\/wp\/v2\/pages\/2407"}],"collection":[{"href":"https:\/\/obispadosanfelipe.cl\/2020\/wp-json\/wp\/v2\/pages"}],"about":[{"href":"https:\/\/obispadosanfelipe.cl\/2020\/wp-json\/wp\/v2\/types\/page"}],"author":[{"embeddable":true,"href":"https:\/\/obispadosanfelipe.cl\/2020\/wp-json\/wp\/v2\/users\/1"}],"replies":[{"embeddable":true,"href":"https:\/\/obispadosanfelipe.cl\/2020\/wp-json\/wp\/v2\/comments?post=2407"}],"version-history":[{"count":3,"href":"https:\/\/obispadosanfelipe.cl\/2020\/wp-json\/wp\/v2\/pages\/2407\/revisions"}],"predecessor-version":[{"id":5779,"href":"https:\/\/obispadosanfelipe.cl\/2020\/wp-json\/wp\/v2\/pages\/2407\/revisions\/5779"}],"wp:attachment":[{"href":"https:\/\/obispadosanfelipe.cl\/2020\/wp-json\/wp\/v2\/media?parent=2407"}],"curies":[{"name":"wp","href":"https:\/\/api.w.org\/{rel}","templated":true}]}}