{"id":2427,"date":"2020-08-10T01:33:40","date_gmt":"2020-08-10T01:33:40","guid":{"rendered":"https:\/\/obispadosanfelipe.cl\/2020\/?page_id=2427"},"modified":"2021-08-13T14:54:42","modified_gmt":"2021-08-13T14:54:42","slug":"inmaculada-concepcion-1907-santa-maria","status":"publish","type":"page","link":"https:\/\/obispadosanfelipe.cl\/2020\/inmaculada-concepcion-1907-santa-maria\/","title":{"rendered":"Inmaculada Concepci\u00f3n (1907) &#8211; Santa Mar\u00eda"},"content":{"rendered":"\t\t<div data-elementor-type=\"wp-page\" data-elementor-id=\"2427\" class=\"elementor elementor-2427\" data-elementor-settings=\"[]\">\n\t\t\t\t\t\t<div class=\"elementor-inner\">\n\t\t\t\t\t\t\t<div class=\"elementor-section-wrap\">\n\t\t\t\t\t\t\t<section class=\"elementor-section elementor-top-section elementor-element elementor-element-70b22de0 elementor-section-boxed elementor-section-height-default elementor-section-height-default\" data-id=\"70b22de0\" data-element_type=\"section\">\n\t\t\t\t\t\t<div class=\"elementor-container elementor-column-gap-default\">\n\t\t\t\t\t\t\t<div class=\"elementor-row\">\n\t\t\t\t\t<div class=\"elementor-column elementor-col-100 elementor-top-column elementor-element elementor-element-7ddffe37\" data-id=\"7ddffe37\" data-element_type=\"column\">\n\t\t\t<div class=\"elementor-column-wrap elementor-element-populated\">\n\t\t\t\t\t\t\t<div class=\"elementor-widget-wrap\">\n\t\t\t\t\t\t<div class=\"elementor-element elementor-element-13dc9dca elementor-widget elementor-widget-text-editor\" data-id=\"13dc9dca\" data-element_type=\"widget\" data-widget_type=\"text-editor.default\">\n\t\t\t\t<div class=\"elementor-widget-container\">\n\t\t\t\t\t\t\t\t<div class=\"elementor-text-editor elementor-clearfix\">\n\t\t\t\t\t<table border=\"0\" width=\"495\" cellspacing=\"0\" cellpadding=\"2\">\n<tbody>\n<tr>\n<td width=\"169\"><img loading=\"lazy\" src=\"https:\/\/www.obispadosanfelipe.cl\/imagenes\/blue.png\" alt=\"\" width=\"6\" height=\"7\">&nbsp;P\u00e1rroco:<\/td>\n<td width=\"6\">&nbsp;<\/td>\n<td width=\"309\">Pbro. Claudio Acevedo L\u00f3pez<\/td>\n<\/tr>\n<tr>\n<td><img loading=\"lazy\" src=\"https:\/\/www.obispadosanfelipe.cl\/imagenes\/blue.png\" alt=\"\" width=\"6\" height=\"7\">&nbsp;Di\u00e1conos:<\/td>\n<td>&nbsp;<\/td>\n<td>Di\u00e1c. Jos\u00e9 Arturo Barraza Guajardo<br>Di\u00e1c. Jos\u00e9 Emilio Carrillo Soto<br>Di\u00e1c. Jos\u00e9 Alfonso Lazcano Mu\u00f1oz<\/td>\n<\/tr>\n<tr>\n<td><img loading=\"lazy\" src=\"https:\/\/www.obispadosanfelipe.cl\/imagenes\/blue.png\" alt=\"\" width=\"6\" height=\"7\">&nbsp;Direcci\u00f3n:<\/td>\n<td>&nbsp;<\/td>\n<td>Latorre esquina Jahuel S\/N, Santa Mar\u00eda.<br>Santa Mar\u00eda.<\/td>\n<\/tr>\n<tr>\n<td><img loading=\"lazy\" src=\"https:\/\/www.obispadosanfelipe.cl\/imagenes\/blue.png\" alt=\"\" width=\"6\" height=\"7\">&nbsp;Fono:<\/td>\n<td>&nbsp;<\/td>\n<td>(34) 2582032<\/td>\n<\/tr>\n<tr>\n<td><img loading=\"lazy\" src=\"https:\/\/www.obispadosanfelipe.cl\/imagenes\/blue.png\" alt=\"\" width=\"6\" height=\"7\">&nbsp;Secretaria:<\/td>\n<td>&nbsp;<\/td>\n<td>Capri Barraza<\/td>\n<\/tr>\n<tr>\n<td data-wp-editing=\"1\"><img loading=\"lazy\" src=\"https:\/\/www.obispadosanfelipe.cl\/imagenes\/blue.png\" alt=\"\" width=\"6\" height=\"7\">&nbsp;Horario de Atenci\u00f3n:<\/td>\n<td>&nbsp;<\/td>\n<td>\n<div dir=\"auto\">&nbsp;De marzo a diciembre&nbsp; de lunes a viernes de 09:30&nbsp; a 13:00 y de 15:00 a 19:00 horas. S\u00e1bado de 09:30 a 13: 00 horas.<\/div>\n<div dir=\"auto\">&nbsp;<\/div>\n<\/td>\n<\/tr>\n<tr>\n<td><img loading=\"lazy\" src=\"https:\/\/www.obispadosanfelipe.cl\/imagenes\/blue.png\" alt=\"\" width=\"6\" height=\"7\">&nbsp;Horario de Misas:<\/td>\n<td>&nbsp;<\/td>\n<td>\n<div dir=\"auto\">Mi\u00e9rcoles 18:30hrs.<br>S\u00e1bado 18:30hrs.<br>Domingo 12:00hrs.<\/div>\n<\/td>\n<\/tr>\n<tr>\n<td><img loading=\"lazy\" src=\"https:\/\/www.obispadosanfelipe.cl\/imagenes\/blue.png\" alt=\"\" width=\"6\" height=\"7\">&nbsp;Correo electr\u00f3nico<\/td>\n<td>&nbsp;<\/td>\n<td><a href=\"mailto:infoparroquiasantamaria@gmail.com\">infoparroquiasantamaria@gmail.com<\/a><\/td>\n<\/tr>\n<tr>\n<td><img loading=\"lazy\" src=\"https:\/\/www.obispadosanfelipe.cl\/imagenes\/blue.png\" alt=\"\" width=\"6\" height=\"7\">&nbsp; cementerio parroquial&nbsp;<\/td>\n<td>&nbsp;<\/td>\n<td>Mar\u00eda la Sra. Nancy Guerra, fono oficina 34 2581730. Fono de contacto en caso de sepultaci\u00f3n es +56989241750. Horario de oficina de atenci\u00f3n de p\u00fablico en el cementerio de enero y febrero el mismo que el m\u00edo y de marzo a diciembre de lunes a viernes de 09:00 a 13:00 y de 15:00 a 18:00 horas. S\u00e1bado de 09: 00 a 13:00 horas.<\/td>\n<\/tr>\n<\/tbody>\n<\/table>\n<p>\u00f3<\/p>\t\t\t\t\t<\/div>\n\t\t\t\t\t\t<\/div>\n\t\t\t\t<\/div>\n\t\t\t\t\t\t<\/div>\n\t\t\t\t\t<\/div>\n\t\t<\/div>\n\t\t\t\t\t\t\t\t<\/div>\n\t\t\t\t\t<\/div>\n\t\t<\/section>\n\t\t\t\t<section class=\"elementor-section elementor-top-section elementor-element elementor-element-7f6dc8c elementor-section-boxed elementor-section-height-default elementor-section-height-default\" data-id=\"7f6dc8c\" data-element_type=\"section\">\n\t\t\t\t\t\t<div class=\"elementor-container elementor-column-gap-default\">\n\t\t\t\t\t\t\t<div class=\"elementor-row\">\n\t\t\t\t\t<div class=\"elementor-column elementor-col-100 elementor-top-column elementor-element elementor-element-c9f3f1b\" data-id=\"c9f3f1b\" data-element_type=\"column\">\n\t\t\t<div class=\"elementor-column-wrap elementor-element-populated\">\n\t\t\t\t\t\t\t<div class=\"elementor-widget-wrap\">\n\t\t\t\t\t\t<div class=\"elementor-element elementor-element-6b609bb elementor-widget elementor-widget-image\" data-id=\"6b609bb\" data-element_type=\"widget\" data-widget_type=\"image.default\">\n\t\t\t\t<div class=\"elementor-widget-container\">\n\t\t\t\t\t\t\t\t<div class=\"elementor-image\">\n\t\t\t\t\t\t\t\t\t\t\t\t<img width=\"720\" height=\"859\" src=\"https:\/\/obispadosanfelipe.cl\/2020\/wp-content\/uploads\/2021\/01\/69893793_100680327985268_6382653372763209728_n.jpg\" class=\"attachment-large size-large\" alt=\"\" loading=\"lazy\" srcset=\"https:\/\/obispadosanfelipe.cl\/2020\/wp-content\/uploads\/2021\/01\/69893793_100680327985268_6382653372763209728_n.jpg 720w, https:\/\/obispadosanfelipe.cl\/2020\/wp-content\/uploads\/2021\/01\/69893793_100680327985268_6382653372763209728_n-251x300.jpg 251w\" sizes=\"(max-width: 720px) 100vw, 720px\" \/>\t\t\t\t\t\t\t\t\t\t\t\t\t\t<\/div>\n\t\t\t\t\t\t<\/div>\n\t\t\t\t<\/div>\n\t\t\t\t\t\t<\/div>\n\t\t\t\t\t<\/div>\n\t\t<\/div>\n\t\t\t\t\t\t\t\t<\/div>\n\t\t\t\t\t<\/div>\n\t\t<\/section>\n\t\t\t\t<section class=\"elementor-section elementor-top-section elementor-element elementor-element-67e2b3c elementor-section-boxed elementor-section-height-default elementor-section-height-default\" data-id=\"67e2b3c\" data-element_type=\"section\">\n\t\t\t\t\t\t<div class=\"elementor-container elementor-column-gap-default\">\n\t\t\t\t\t\t\t<div class=\"elementor-row\">\n\t\t\t\t\t<div class=\"elementor-column elementor-col-100 elementor-top-column elementor-element elementor-element-878171d\" data-id=\"878171d\" data-element_type=\"column\">\n\t\t\t<div class=\"elementor-column-wrap elementor-element-populated\">\n\t\t\t\t\t\t\t<div class=\"elementor-widget-wrap\">\n\t\t\t\t\t\t<div class=\"elementor-element elementor-element-62bc6d2 elementor-widget-divider--view-line elementor-widget elementor-widget-divider\" data-id=\"62bc6d2\" data-element_type=\"widget\" data-widget_type=\"divider.default\">\n\t\t\t\t<div class=\"elementor-widget-container\">\n\t\t\t\t\t<div class=\"elementor-divider\">\n\t\t\t<span class=\"elementor-divider-separator\">\n\t\t\t\t\t\t<\/span>\n\t\t<\/div>\n\t\t\t\t<\/div>\n\t\t\t\t<\/div>\n\t\t\t\t\t\t<\/div>\n\t\t\t\t\t<\/div>\n\t\t<\/div>\n\t\t\t\t\t\t\t\t<\/div>\n\t\t\t\t\t<\/div>\n\t\t<\/section>\n\t\t\t\t<section class=\"elementor-section elementor-top-section elementor-element elementor-element-5d0286c elementor-section-boxed elementor-section-height-default elementor-section-height-default\" data-id=\"5d0286c\" data-element_type=\"section\">\n\t\t\t\t\t\t<div class=\"elementor-container elementor-column-gap-default\">\n\t\t\t\t\t\t\t<div class=\"elementor-row\">\n\t\t\t\t\t<div class=\"elementor-column elementor-col-100 elementor-top-column elementor-element elementor-element-1e0dec4\" data-id=\"1e0dec4\" data-element_type=\"column\">\n\t\t\t<div class=\"elementor-column-wrap elementor-element-populated\">\n\t\t\t\t\t\t\t<div class=\"elementor-widget-wrap\">\n\t\t\t\t\t\t<div class=\"elementor-element elementor-element-18dc06b elementor-widget elementor-widget-google_maps\" data-id=\"18dc06b\" data-element_type=\"widget\" data-widget_type=\"google_maps.default\">\n\t\t\t\t<div class=\"elementor-widget-container\">\n\t\t\t<div class=\"elementor-custom-embed\"><iframe frameborder=\"0\" scrolling=\"no\" marginheight=\"0\" marginwidth=\"0\" src=\"https:\/\/maps.google.com\/maps?q=iglesia%20inmaculada%20concepcion%20santa%20maria&amp;t=m&amp;z=10&amp;output=embed&amp;iwloc=near\" title=\"iglesia inmaculada concepcion santa maria\" aria-label=\"iglesia inmaculada concepcion santa maria\"><\/iframe><\/div>\t\t<\/div>\n\t\t\t\t<\/div>\n\t\t\t\t\t\t<\/div>\n\t\t\t\t\t<\/div>\n\t\t<\/div>\n\t\t\t\t\t\t\t\t<\/div>\n\t\t\t\t\t<\/div>\n\t\t<\/section>\n\t\t\t\t\t\t<\/div>\n\t\t\t\t\t\t<\/div>\n\t\t\t\t\t<\/div>\n\t\t","protected":false},"excerpt":{"rendered":"<p>&nbsp;P\u00e1rroco: &nbsp; Pbro. Claudio Acevedo L\u00f3pez &nbsp;Di\u00e1conos: &nbsp; Di\u00e1c. Jos\u00e9 Arturo Barraza GuajardoDi\u00e1c. Jos\u00e9 Emilio Carrillo SotoDi\u00e1c. Jos\u00e9 Alfonso Lazcano Mu\u00f1oz &nbsp;Direcci\u00f3n: &nbsp; Latorre esquina Jahuel S\/N, Santa Mar\u00eda.Santa Mar\u00eda.&hellip;<\/p>\n","protected":false},"author":1,"featured_media":0,"parent":0,"menu_order":0,"comment_status":"closed","ping_status":"closed","template":"","meta":[],"_links":{"self":[{"href":"https:\/\/obispadosanfelipe.cl\/2020\/wp-json\/wp\/v2\/pages\/2427"}],"collection":[{"href":"https:\/\/obispadosanfelipe.cl\/2020\/wp-json\/wp\/v2\/pages"}],"about":[{"href":"https:\/\/obispadosanfelipe.cl\/2020\/wp-json\/wp\/v2\/types\/page"}],"author":[{"embeddable":true,"href":"https:\/\/obispadosanfelipe.cl\/2020\/wp-json\/wp\/v2\/users\/1"}],"replies":[{"embeddable":true,"href":"https:\/\/obispadosanfelipe.cl\/2020\/wp-json\/wp\/v2\/comments?post=2427"}],"version-history":[{"count":3,"href":"https:\/\/obispadosanfelipe.cl\/2020\/wp-json\/wp\/v2\/pages\/2427\/revisions"}],"predecessor-version":[{"id":5759,"href":"https:\/\/obispadosanfelipe.cl\/2020\/wp-json\/wp\/v2\/pages\/2427\/revisions\/5759"}],"wp:attachment":[{"href":"https:\/\/obispadosanfelipe.cl\/2020\/wp-json\/wp\/v2\/media?parent=2427"}],"curies":[{"name":"wp","href":"https:\/\/api.w.org\/{rel}","templated":true}]}}