{"id":2643,"date":"2020-08-11T14:53:28","date_gmt":"2020-08-11T14:53:28","guid":{"rendered":"https:\/\/obispadosanfelipe.cl\/2020\/?page_id=2643"},"modified":"2021-05-11T01:32:59","modified_gmt":"2021-05-11T01:32:59","slug":"padre-gonzalo-arturo-bravo-alvarez","status":"publish","type":"page","link":"https:\/\/obispadosanfelipe.cl\/2020\/padre-gonzalo-arturo-bravo-alvarez\/","title":{"rendered":"Biograf\u00eda del obispo actual"},"content":{"rendered":"<p style=\"text-align: justify;\"><img loading=\"lazy\" class=\" wp-image-2302 alignleft\" src=\"https:\/\/obispadosanfelipe.cl\/2020\/wp-content\/uploads\/2020\/08\/gonzalo-bravo-10-1-300x187.jpg\" alt=\"\" width=\"505\" height=\"315\" srcset=\"https:\/\/obispadosanfelipe.cl\/2020\/wp-content\/uploads\/2020\/08\/gonzalo-bravo-10-1-300x187.jpg 300w, https:\/\/obispadosanfelipe.cl\/2020\/wp-content\/uploads\/2020\/08\/gonzalo-bravo-10-1.jpg 527w\" sizes=\"(max-width: 505px) 100vw, 505px\" \/>Gonzalo Arturo Bravo \u00c1lvarez, Obispo de San Felipe de Aconcagua, naci\u00f3 en Valpara\u00edso, el 30 de diciembre de 1962. Hizo sus estudios primarios y secundarios en Quilpu\u00e9.<\/p>\n<p style=\"text-align: justify;\">Es Licenciado en Ciencias B\u00e1sicas de la Ingenier\u00eda en la Universidad T\u00e9cnica Federico Santa Mar\u00eda; titulado de Ingeniero Civil en esa misma universidad, Es Bachiller en Ciencias Religiosas en la Pontificia Universidad Cat\u00f3lica de Valpara\u00edso, licenciado y doctor en Teolog\u00eda B\u00edblica en la Pontificia Universidad Gregoriana de Roma.<\/p>\n<p style=\"text-align: justify;\">Decano de la Facultad Eclesi\u00e1stica de Teolog\u00eda de la Pontificia Universidad Cat\u00f3lica de Valpara\u00edso.\u00a0 Profesor en el \u00e1rea de Sagrada Escritura desde 2008 a la actualidad.<\/p>\n<p style=\"text-align: justify;\">Ingres\u00f3 en el Seminario Mayor San Rafael de la Di\u00f3cesis de Valpara\u00edso, el 19 de marzo de 1990, a la edad de 27 a\u00f1os. Fue ordenado di\u00e1cono el 20 de abril de 1997 y sacerdote el 12 de octubre de 1997, en la Catedral de Valpara\u00edso.<\/p>\n<p style=\"text-align: justify;\">Entre 2001 y 2002 fue vicario parroquial en la Parroquia Nuestra Se\u00f1ora de los Dolores, en Vi\u00f1a del Mar.<\/p>\n<p style=\"text-align: justify;\">Desde 2002 hasta 2005 fue administrador parroquial de la Parroquia Jes\u00fas Buen Pastor, en Valpara\u00edso.<\/p>\n<p style=\"text-align: justify;\">Desde 2008 a 2020 se desempe\u00f1\u00f3 como p\u00e1rroco en la Parroquia El Salvador del Mundo \u201cLa Matriz\u201d, en Valpara\u00edso.<\/p>\n<p style=\"text-align: justify;\">Entre otros servicios, entre 2013 y 2016 fue Vicario de Asuntos Econ\u00f3micos del Obispado de Valpara\u00edso.<\/p>\n<p style=\"text-align: justify;\">Adem\u00e1s, en 2011 fund\u00f3, junto a diversas personas de la regi\u00f3n, la Corporaci\u00f3n La Matriz, Con ella emprendi\u00f3 diversos programas sociales, de emprendimiento y de cuidado por el medio ambiente y el patrimonio en Valpara\u00edso y en ciudades de la Regi\u00f3n.<\/p>\n<p style=\"text-align: justify;\">El 26 de mayo de 2020 el papa Francisco lo nombr\u00f3 Obispo de la Di\u00f3cesis de San Felipe de Aconcagua.<\/p>\n<p style=\"text-align: justify;\">El 15 de agosto del 2020, en el Santuario de Santa Teresa de Los Andes, fue ordenado obispo por el Nuncio Apost\u00f3lico Alberto Ortega.<\/p>\n","protected":false},"excerpt":{"rendered":"<p>Gonzalo Arturo Bravo \u00c1lvarez, Obispo de San Felipe de Aconcagua, naci\u00f3 en Valpara\u00edso, el 30 de diciembre de 1962. Hizo sus estudios primarios y secundarios en Quilpu\u00e9. Es Licenciado en&hellip;<\/p>\n","protected":false},"author":1,"featured_media":2302,"parent":0,"menu_order":0,"comment_status":"closed","ping_status":"closed","template":"","meta":[],"_links":{"self":[{"href":"https:\/\/obispadosanfelipe.cl\/2020\/wp-json\/wp\/v2\/pages\/2643"}],"collection":[{"href":"https:\/\/obispadosanfelipe.cl\/2020\/wp-json\/wp\/v2\/pages"}],"about":[{"href":"https:\/\/obispadosanfelipe.cl\/2020\/wp-json\/wp\/v2\/types\/page"}],"author":[{"embeddable":true,"href":"https:\/\/obispadosanfelipe.cl\/2020\/wp-json\/wp\/v2\/users\/1"}],"replies":[{"embeddable":true,"href":"https:\/\/obispadosanfelipe.cl\/2020\/wp-json\/wp\/v2\/comments?post=2643"}],"version-history":[{"count":0,"href":"https:\/\/obispadosanfelipe.cl\/2020\/wp-json\/wp\/v2\/pages\/2643\/revisions"}],"wp:featuredmedia":[{"embeddable":true,"href":"https:\/\/obispadosanfelipe.cl\/2020\/wp-json\/wp\/v2\/media\/2302"}],"wp:attachment":[{"href":"https:\/\/obispadosanfelipe.cl\/2020\/wp-json\/wp\/v2\/media?parent=2643"}],"curies":[{"name":"wp","href":"https:\/\/api.w.org\/{rel}","templated":true}]}}

Biografía del obispo actual

<p style="text-align: justify;"><img loading="lazy" class=" wp-image-2302 alignleft" src="https://obispadosanfelipe.cl/2020/wp-content/uploads/2020/08/gonzalo-bravo-10-1-300x187.jpg" alt="" width="505" height="315" srcset="https://obispadosanfelipe.cl/2020/wp-content/uploads/2020/08/gonzalo-bravo-10-1-300x187.jpg 300w, https://obispadosanfelipe.cl/2020/wp-content/uploads/2020/08/gonzalo-bravo-10-1.jpg 527w" sizes="(max-width: 505px) 100vw, 505px" />Gonzalo Arturo Bravo Álvarez, Obispo de San Felipe de Aconcagua, nació en Valparaíso, el 30 de diciembre de 1962. Hizo sus estudios primarios y secundarios en Quilpué.</p>
<p style="text-align: justify;">Es Licenciado en Ciencias Básicas de la Ingeniería en la Universidad Técnica Federico Santa María; titulado de Ingeniero Civil en esa misma universidad, Es Bachiller en Ciencias Religiosas en la Pontificia Universidad Católica de Valparaíso, licenciado y doctor en Teología Bíblica en la Pontificia Universidad Gregoriana de Roma.</p>
<p style="text-align: justify;">Decano de la Facultad Eclesiástica de Teología de la Pontificia Universidad Católica de Valparaíso.  Profesor en el área de Sagrada Escritura desde 2008 a la actualidad.</p>
<p style="text-align: justify;">Ingresó en el Seminario Mayor San Rafael de la Diócesis de Valparaíso, el 19 de marzo de 1990, a la edad de 27 años. Fue ordenado diácono el 20 de abril de 1997 y sacerdote el 12 de octubre de 1997, en la Catedral de Valparaíso.</p>
<p style="text-align: justify;">Entre 2001 y 2002 fue vicario parroquial en la Parroquia Nuestra Señora de los Dolores, en Viña del Mar.</p>
<p style="text-align: justify;">Desde 2002 hasta 2005 fue administrador parroquial de la Parroquia Jesús Buen Pastor, en Valparaíso.</p>
<p style="text-align: justify;">Desde 2008 a 2020 se desempeñó como párroco en la Parroquia El Salvador del Mundo “La Matriz”, en Valparaíso.</p>
<p style="text-align: justify;">Entre otros servicios, entre 2013 y 2016 fue Vicario de Asuntos Económicos del Obispado de Valparaíso.</p>
<p style="text-align: justify;">Además, en 2011 fundó, junto a diversas personas de la región, la Corporación La Matriz, Con ella emprendió diversos programas sociales, de emprendimiento y de cuidado por el medio ambiente y el patrimonio en Valparaíso y en ciudades de la Región.</p>
<p style="text-align: justify;">El 26 de mayo de 2020 el papa Francisco lo nombró Obispo de la Diócesis de San Felipe de Aconcagua.</p>
<p style="text-align: justify;">El 15 de agosto del 2020, en el Santuario de Santa Teresa de Los Andes, fue ordenado obispo por el Nuncio Apostólico Alberto Ortega.</p>

<p>Gonzalo Arturo Bravo Álvarez, Obispo de San Felipe de Aconcagua, nació en Valparaíso, el 30 de diciembre de 1962. Hizo sus estudios primarios y secundarios en Quilpué. Es Licenciado en&hellip;</p>
