{"id":2715,"date":"2020-08-12T02:05:03","date_gmt":"2020-08-12T02:05:03","guid":{"rendered":"https:\/\/obispadosanfelipe.cl\/2020\/?page_id=2715"},"modified":"2020-08-12T02:05:03","modified_gmt":"2020-08-12T02:05:03","slug":"escudo-episcopal","status":"publish","type":"page","link":"https:\/\/obispadosanfelipe.cl\/2020\/escudo-episcopal\/","title":{"rendered":"Escudo Episcopal"},"content":{"rendered":"<p style=\"text-align: justify;\"><img loading=\"lazy\" class=\"size-medium wp-image-2720 alignleft\" src=\"https:\/\/obispadosanfelipe.cl\/2020\/wp-content\/uploads\/2020\/08\/escudo-280x300.jpeg\" alt=\"\" width=\"280\" height=\"300\" srcset=\"https:\/\/obispadosanfelipe.cl\/2020\/wp-content\/uploads\/2020\/08\/escudo-280x300.jpeg 280w, https:\/\/obispadosanfelipe.cl\/2020\/wp-content\/uploads\/2020\/08\/escudo-957x1024.jpeg 957w, https:\/\/obispadosanfelipe.cl\/2020\/wp-content\/uploads\/2020\/08\/escudo-768x822.jpeg 768w, https:\/\/obispadosanfelipe.cl\/2020\/wp-content\/uploads\/2020\/08\/escudo-1436x1536.jpeg 1436w, https:\/\/obispadosanfelipe.cl\/2020\/wp-content\/uploads\/2020\/08\/escudo-1914x2048.jpeg 1914w\" sizes=\"(max-width: 280px) 100vw, 280px\" \/>El escudo est\u00e1 compuesto de cuatro im\u00e1genes dos en la parte superior y dos en la parte inferior. De las que se encuentran en la parte superior (de izquierda a derecha) encontramos la primera de ellas, se observa una vasija u olla tomada por dos manos, imagen que representa el valor de la comunidad como centro, la entrega, la disposici\u00f3n a servir y trabajar por el pr\u00f3jimo. Dadora de vida y alimento tanto corporal como espiritual. Representa la labor incansable realizada por los m\u00e1s pobres y marginados en la Matriz de Valpara\u00edso, la dedicaci\u00f3n de vida de un antes que se proyecta a un despu\u00e9s para San Felipe.<\/p>\n<p style=\"text-align: justify;\">En diagonal, parte inferior derecha, dos manos que se acogen y estrechan, una m\u00e1s tersa que toma otra m\u00e1s a\u00f1osa, representa el trabajo, el recorrido de la vida, de la sabidur\u00eda, de las ense\u00f1anzas y de la misi\u00f3n asumida junto con el presbiterado. Es signo del tiempo, de la acogida, de la entrega personal y espiritual al pr\u00f3jimo, a seguir el camino de Cristo en esa mano atemporal, que, a pesar del cansancio te levanta e invita a seguir sus ense\u00f1anzas y a no claudicar en la misi\u00f3n encomendada.<\/p>\n<p style=\"text-align: justify;\">En la parte superior derecha, una afluente de agua que cae desde las piedras, piedras fundacionales de la Iglesia, de las cuales brota la vida en la fe. Representa la incorporaci\u00f3n a la Iglesia, la purificaci\u00f3n, el esp\u00edritu de Dios que corre incesantemente, no se estanca, por lo que siempre se renueva cayendo a acoger a todo el que le necesite.<\/p>\n<p style=\"text-align: justify;\">En diagonal al afluente de agua, en la parte inferior izquierda, una escalera que llega a una puerta de donde emerge luz, representa el caminar en misi\u00f3n y la recompensa al servicio y trabajo, la esperanza de la vida eterna, de llegar a un cielo luminoso, abrazador para ubicarse junto al Padre. Es la misi\u00f3n de cumplir las ense\u00f1anzas sin desviarse del camino, de anunciar la buena nueva a todo aquel que quiera escuchar. Es una puerta que invita a entrar, que acoge.<\/p>\n<p style=\"text-align: justify;\">El escudo fue dise\u00f1ado por una joven ilustradora chilena, Gabriela S\u00e1nchez Castillo, de 16 a\u00f1os, que vive en Rancagua.<\/p>\n","protected":false},"excerpt":{"rendered":"<p>El escudo est\u00e1 compuesto de cuatro im\u00e1genes dos en la parte superior y dos en la parte inferior. De las que se encuentran en la parte superior (de izquierda a&hellip;<\/p>\n","protected":false},"author":1,"featured_media":0,"parent":0,"menu_order":0,"comment_status":"closed","ping_status":"closed","template":"","meta":[],"_links":{"self":[{"href":"https:\/\/obispadosanfelipe.cl\/2020\/wp-json\/wp\/v2\/pages\/2715"}],"collection":[{"href":"https:\/\/obispadosanfelipe.cl\/2020\/wp-json\/wp\/v2\/pages"}],"about":[{"href":"https:\/\/obispadosanfelipe.cl\/2020\/wp-json\/wp\/v2\/types\/page"}],"author":[{"embeddable":true,"href":"https:\/\/obispadosanfelipe.cl\/2020\/wp-json\/wp\/v2\/users\/1"}],"replies":[{"embeddable":true,"href":"https:\/\/obispadosanfelipe.cl\/2020\/wp-json\/wp\/v2\/comments?post=2715"}],"version-history":[{"count":0,"href":"https:\/\/obispadosanfelipe.cl\/2020\/wp-json\/wp\/v2\/pages\/2715\/revisions"}],"wp:attachment":[{"href":"https:\/\/obispadosanfelipe.cl\/2020\/wp-json\/wp\/v2\/media?parent=2715"}],"curies":[{"name":"wp","href":"https:\/\/api.w.org\/{rel}","templated":true}]}}

<p style="text-align: justify;"><img loading="lazy" class="size-medium wp-image-2720 alignleft" src="https://obispadosanfelipe.cl/2020/wp-content/uploads/2020/08/escudo-280x300.jpeg" alt="" width="280" height="300" srcset="https://obispadosanfelipe.cl/2020/wp-content/uploads/2020/08/escudo-280x300.jpeg 280w, https://obispadosanfelipe.cl/2020/wp-content/uploads/2020/08/escudo-957x1024.jpeg 957w, https://obispadosanfelipe.cl/2020/wp-content/uploads/2020/08/escudo-768x822.jpeg 768w, https://obispadosanfelipe.cl/2020/wp-content/uploads/2020/08/escudo-1436x1536.jpeg 1436w, https://obispadosanfelipe.cl/2020/wp-content/uploads/2020/08/escudo-1914x2048.jpeg 1914w" sizes="(max-width: 280px) 100vw, 280px" />El escudo está compuesto de cuatro imágenes dos en la parte superior y dos en la parte inferior. De las que se encuentran en la parte superior (de izquierda a derecha) encontramos la primera de ellas, se observa una vasija u olla tomada por dos manos, imagen que representa el valor de la comunidad como centro, la entrega, la disposición a servir y trabajar por el prójimo. Dadora de vida y alimento tanto corporal como espiritual. Representa la labor incansable realizada por los más pobres y marginados en la Matriz de Valparaíso, la dedicación de vida de un antes que se proyecta a un después para San Felipe.</p>
<p style="text-align: justify;">En diagonal, parte inferior derecha, dos manos que se acogen y estrechan, una más tersa que toma otra más añosa, representa el trabajo, el recorrido de la vida, de la sabiduría, de las enseñanzas y de la misión asumida junto con el presbiterado. Es signo del tiempo, de la acogida, de la entrega personal y espiritual al prójimo, a seguir el camino de Cristo en esa mano atemporal, que, a pesar del cansancio te levanta e invita a seguir sus enseñanzas y a no claudicar en la misión encomendada.</p>
<p style="text-align: justify;">En la parte superior derecha, una afluente de agua que cae desde las piedras, piedras fundacionales de la Iglesia, de las cuales brota la vida en la fe. Representa la incorporación a la Iglesia, la purificación, el espíritu de Dios que corre incesantemente, no se estanca, por lo que siempre se renueva cayendo a acoger a todo el que le necesite.</p>
<p style="text-align: justify;">En diagonal al afluente de agua, en la parte inferior izquierda, una escalera que llega a una puerta de donde emerge luz, representa el caminar en misión y la recompensa al servicio y trabajo, la esperanza de la vida eterna, de llegar a un cielo luminoso, abrazador para ubicarse junto al Padre. Es la misión de cumplir las enseñanzas sin desviarse del camino, de anunciar la buena nueva a todo aquel que quiera escuchar. Es una puerta que invita a entrar, que acoge.</p>
<p style="text-align: justify;">El escudo fue diseñado por una joven ilustradora chilena, Gabriela Sánchez Castillo, de 16 años, que vive en Rancagua.</p>

<p>El escudo está compuesto de cuatro imágenes dos en la parte superior y dos en la parte inferior. De las que se encuentran en la parte superior (de izquierda a&hellip;</p>
