{"id":2730,"date":"2020-08-12T02:23:57","date_gmt":"2020-08-12T02:23:57","guid":{"rendered":"https:\/\/obispadosanfelipe.cl\/2020\/?page_id=2730"},"modified":"2021-03-19T16:05:49","modified_gmt":"2021-03-19T16:05:49","slug":"educacion","status":"publish","type":"page","link":"https:\/\/obispadosanfelipe.cl\/2020\/educacion\/","title":{"rendered":"Educaci\u00f3n"},"content":{"rendered":"\t\t<div data-elementor-type=\"wp-page\" data-elementor-id=\"2730\" class=\"elementor elementor-2730\" data-elementor-settings=\"[]\">\n\t\t\t\t\t\t<div class=\"elementor-inner\">\n\t\t\t\t\t\t\t<div class=\"elementor-section-wrap\">\n\t\t\t\t\t\t\t<section class=\"elementor-section elementor-top-section elementor-element elementor-element-5b59a609 elementor-section-boxed elementor-section-height-default elementor-section-height-default\" data-id=\"5b59a609\" data-element_type=\"section\">\n\t\t\t\t\t\t<div class=\"elementor-container elementor-column-gap-default\">\n\t\t\t\t\t\t\t<div class=\"elementor-row\">\n\t\t\t\t\t<div class=\"elementor-column elementor-col-100 elementor-top-column elementor-element elementor-element-4204f50e\" data-id=\"4204f50e\" data-element_type=\"column\">\n\t\t\t<div class=\"elementor-column-wrap elementor-element-populated\">\n\t\t\t\t\t\t\t<div class=\"elementor-widget-wrap\">\n\t\t\t\t\t\t<div class=\"elementor-element elementor-element-c88fdf6 elementor-widget elementor-widget-text-editor\" data-id=\"c88fdf6\" data-element_type=\"widget\" data-widget_type=\"text-editor.default\">\n\t\t\t\t<div class=\"elementor-widget-container\">\n\t\t\t\t\t\t\t\t<div class=\"elementor-text-editor elementor-clearfix\">\n\t\t\t\t\t<p>Pretende reavivar nuestro encuentro vivo y primordial con Jesucristo, Camino, Verdad y Vida, que nos invita, como interlocutores cat\u00f3licos de la educaci\u00f3n, a profundizar los pilares fundamentales de nuestra fe, vivi\u00e9ndola a trav\u00e9s de la Sagrada Escritura, la Eucarist\u00eda y los Sacramentos de modo tal, que como testigos fieles del Resucitado, demos un testimonio n\u00edtido de compromiso evangelizador y transformador en nuestro entorno educativo.<\/p><p><br><\/p><p>Delegada Episcopal Hna. Aurora Calder\u00f3n, Dominica de la Presentaci\u00f3n.<\/p><p>Correo: educacion@obispadosanfelipe.cl&nbsp;<\/p>\n<p>&nbsp;<\/p>\n<p>&nbsp;<\/p>\t\t\t\t\t<\/div>\n\t\t\t\t\t\t<\/div>\n\t\t\t\t<\/div>\n\t\t\t\t\t\t<\/div>\n\t\t\t\t\t<\/div>\n\t\t<\/div>\n\t\t\t\t\t\t\t\t<\/div>\n\t\t\t\t\t<\/div>\n\t\t<\/section>\n\t\t\t\t\t\t<\/div>\n\t\t\t\t\t\t<\/div>\n\t\t\t\t\t<\/div>\n\t\t","protected":false},"excerpt":{"rendered":"<p>Pretende reavivar nuestro encuentro vivo y primordial con Jesucristo, Camino, Verdad y Vida, que nos invita, como interlocutores cat\u00f3licos de la educaci\u00f3n, a profundizar los pilares fundamentales de nuestra fe,&hellip;<\/p>\n","protected":false},"author":1,"featured_media":0,"parent":0,"menu_order":0,"comment_status":"closed","ping_status":"closed","template":"","meta":[],"_links":{"self":[{"href":"https:\/\/obispadosanfelipe.cl\/2020\/wp-json\/wp\/v2\/pages\/2730"}],"collection":[{"href":"https:\/\/obispadosanfelipe.cl\/2020\/wp-json\/wp\/v2\/pages"}],"about":[{"href":"https:\/\/obispadosanfelipe.cl\/2020\/wp-json\/wp\/v2\/types\/page"}],"author":[{"embeddable":true,"href":"https:\/\/obispadosanfelipe.cl\/2020\/wp-json\/wp\/v2\/users\/1"}],"replies":[{"embeddable":true,"href":"https:\/\/obispadosanfelipe.cl\/2020\/wp-json\/wp\/v2\/comments?post=2730"}],"version-history":[{"count":0,"href":"https:\/\/obispadosanfelipe.cl\/2020\/wp-json\/wp\/v2\/pages\/2730\/revisions"}],"wp:attachment":[{"href":"https:\/\/obispadosanfelipe.cl\/2020\/wp-json\/wp\/v2\/media?parent=2730"}],"curies":[{"name":"wp","href":"https:\/\/api.w.org\/{rel}","templated":true}]}}

Educación

<div data-elementor-type="wp-page" data-elementor-id="2730" class="elementor elementor-2730" data-elementor-settings="[]">
						<div class="elementor-inner">
							<div class="elementor-section-wrap">
							<section class="elementor-section elementor-top-section elementor-element elementor-element-5b59a609 elementor-section-boxed elementor-section-height-default elementor-section-height-default" data-id="5b59a609" data-element_type="section">
						<div class="elementor-container elementor-column-gap-default">
							<div class="elementor-row">
					<div class="elementor-column elementor-col-100 elementor-top-column elementor-element elementor-element-4204f50e" data-id="4204f50e" data-element_type="column">
			<div class="elementor-column-wrap elementor-element-populated">
							<div class="elementor-widget-wrap">
						<div class="elementor-element elementor-element-c88fdf6 elementor-widget elementor-widget-text-editor" data-id="c88fdf6" data-element_type="widget" data-widget_type="text-editor.default">
				<div class="elementor-widget-container">
								<div class="elementor-text-editor elementor-clearfix">
					<p>Pretende reavivar nuestro encuentro vivo y primordial con Jesucristo, Camino, Verdad y Vida, que nos invita, como interlocutores católicos de la educación, a profundizar los pilares fundamentales de nuestra fe, viviéndola a través de la Sagrada Escritura, la Eucaristía y los Sacramentos de modo tal, que como testigos fieles del Resucitado, demos un testimonio nítido de compromiso evangelizador y transformador en nuestro entorno educativo.</p><p><br></p><p>Delegada Episcopal Hna. Aurora Calderón, Dominica de la Presentación.</p><p>Correo: educacion@obispadosanfelipe.cl&nbsp;</p>
<p>&nbsp;</p>
<p>&nbsp;</p>					</div>
						</div>
				</div>
						</div>
					</div>
		</div>
								</div>
					</div>
		</section>
						</div>
						</div>
					</div>

<p>Pretende reavivar nuestro encuentro vivo y primordial con Jesucristo, Camino, Verdad y Vida, que nos invita, como interlocutores católicos de la educación, a profundizar los pilares fundamentales de nuestra fe,&hellip;</p>
