{"id":6550,"date":"2021-11-25T01:21:56","date_gmt":"2021-11-25T01:21:56","guid":{"rendered":"https:\/\/obispadosanfelipe.cl\/2020\/?page_id=6550"},"modified":"2021-11-25T01:23:37","modified_gmt":"2021-11-25T01:23:37","slug":"pastoral-familiar","status":"publish","type":"page","link":"https:\/\/obispadosanfelipe.cl\/2020\/pastoral-familiar\/","title":{"rendered":"Pastoral Familiar"},"content":{"rendered":"<div class=\"titulo\">La Pastoral familiar es primordialmente una pastoral de acompa\u00f1amiento, que tiene como objetivo evangelizar de modo sistem\u00e1tico y gradual a las Familias como familia, acompa\u00f1\u00e1ndolas en todas las etapas y circunstancias por las que ella pasa, apoyando a los padres y proyectando el Evangelio de la Familia.<\/p>\n<\/div>\n<div><\/div>\n<div>\n<h2><b>Dos aspectos que est\u00e1n en el coraz\u00f3n de la pastoral familiar<\/b><\/h2>\n<p>Por ello, es importante afirm\u00f3 el Papa Francisco estos dos aspectos que est\u00e1n en el coraz\u00f3n de toda la pastoral familiar: la franqueza del anuncio del Evangelio y la ternura del acompa\u00f1amiento. \u201cPor un lado, anunciamos a las parejas, a los esposos y a las familias una Palabra que les ayude a captar el aut\u00e9ntico sentido de su uni\u00f3n y de su amor, signo e imagen del amor trinitario y de la alianza entre Cristo y la Iglesia\u201d. Por otra parte, esta proclamaci\u00f3n no puede ni debe darse nunca desde arriba o desde fuera. La Iglesia est\u00e1 encarnada en la realidad hist\u00f3rica como lo estuvo su Maestro, e incluso cuando anuncia el Evangelio de la familia lo hace sumergi\u00e9ndose en la vida real, conociendo de cerca las labores cotidianas de los esposos y de los padres, sus problemas, sus sufrimientos, todas esas peque\u00f1as y grandes situaciones que pesan y a veces obstaculizan su camino. Palabras del Papa Francisco.<\/p>\n<\/div>\n<div class=\"txt\">\n<p><strong>La Delegaci\u00f3n para la Pastoral Familiar est\u00e1 al servicio de la Di\u00f3cesis, a cargo del Matrimonio de Andr\u00e9s Figari y Pilar Leiva, el correo electr\u00f3nico es: Familia@obispadosanfelipe.cl<\/strong><\/p>\n<\/div>\n<p>&nbsp;<\/p>\n<p>&nbsp;<\/p>\n","protected":false},"excerpt":{"rendered":"<p>La Pastoral familiar es primordialmente una pastoral de acompa\u00f1amiento, que tiene como objetivo evangelizar de modo sistem\u00e1tico y gradual a las Familias como familia, acompa\u00f1\u00e1ndolas en todas las etapas y&hellip;<\/p>\n","protected":false},"author":1,"featured_media":0,"parent":0,"menu_order":0,"comment_status":"closed","ping_status":"closed","template":"","meta":[],"_links":{"self":[{"href":"https:\/\/obispadosanfelipe.cl\/2020\/wp-json\/wp\/v2\/pages\/6550"}],"collection":[{"href":"https:\/\/obispadosanfelipe.cl\/2020\/wp-json\/wp\/v2\/pages"}],"about":[{"href":"https:\/\/obispadosanfelipe.cl\/2020\/wp-json\/wp\/v2\/types\/page"}],"author":[{"embeddable":true,"href":"https:\/\/obispadosanfelipe.cl\/2020\/wp-json\/wp\/v2\/users\/1"}],"replies":[{"embeddable":true,"href":"https:\/\/obispadosanfelipe.cl\/2020\/wp-json\/wp\/v2\/comments?post=6550"}],"version-history":[{"count":2,"href":"https:\/\/obispadosanfelipe.cl\/2020\/wp-json\/wp\/v2\/pages\/6550\/revisions"}],"predecessor-version":[{"id":6552,"href":"https:\/\/obispadosanfelipe.cl\/2020\/wp-json\/wp\/v2\/pages\/6550\/revisions\/6552"}],"wp:attachment":[{"href":"https:\/\/obispadosanfelipe.cl\/2020\/wp-json\/wp\/v2\/media?parent=6550"}],"curies":[{"name":"wp","href":"https:\/\/api.w.org\/{rel}","templated":true}]}}

<div class="titulo">La Pastoral familiar es primordialmente una pastoral de acompañamiento, que tiene como objetivo evangelizar de modo sistemático y gradual a las Familias como familia, acompañándolas en todas las etapas y circunstancias por las que ella pasa, apoyando a los padres y proyectando el Evangelio de la Familia.</p>
</div>
<div></div>
<div>
<h2><b>Dos aspectos que están en el corazón de la pastoral familiar</b></h2>
<p>Por ello, es importante afirmó el Papa Francisco estos dos aspectos que están en el corazón de toda la pastoral familiar: la franqueza del anuncio del Evangelio y la ternura del acompañamiento. “Por un lado, anunciamos a las parejas, a los esposos y a las familias una Palabra que les ayude a captar el auténtico sentido de su unión y de su amor, signo e imagen del amor trinitario y de la alianza entre Cristo y la Iglesia”. Por otra parte, esta proclamación no puede ni debe darse nunca desde arriba o desde fuera. La Iglesia está encarnada en la realidad histórica como lo estuvo su Maestro, e incluso cuando anuncia el Evangelio de la familia lo hace sumergiéndose en la vida real, conociendo de cerca las labores cotidianas de los esposos y de los padres, sus problemas, sus sufrimientos, todas esas pequeñas y grandes situaciones que pesan y a veces obstaculizan su camino. Palabras del Papa Francisco.</p>
</div>
<div class="txt">
<p><strong>La Delegación para la Pastoral Familiar está al servicio de la Diócesis, a cargo del Matrimonio de Andrés Figari y Pilar Leiva, el correo electrónico es: Familia@obispadosanfelipe.cl</strong></p>
</div>
<p>&nbsp;</p>
<p>&nbsp;</p>

<p>La Pastoral familiar es primordialmente una pastoral de acompañamiento, que tiene como objetivo evangelizar de modo sistemático y gradual a las Familias como familia, acompañándolas en todas las etapas y&hellip;</p>
