{"id":6556,"date":"2021-11-25T01:29:59","date_gmt":"2021-11-25T01:29:59","guid":{"rendered":"https:\/\/obispadosanfelipe.cl\/2020\/?page_id=6556"},"modified":"2021-11-25T01:29:59","modified_gmt":"2021-11-25T01:29:59","slug":"delegacion-episcopal-del-medio-ambiente","status":"publish","type":"page","link":"https:\/\/obispadosanfelipe.cl\/2020\/delegacion-episcopal-del-medio-ambiente\/","title":{"rendered":"Delegaci\u00f3n Episcopal del Medio Ambiente"},"content":{"rendered":"<p><em>Laudato si\u2019, mi\u2019 Signore<\/em>\u00a0\u2013\u00a0<em>Alabado seas, mi Se\u00f1or<\/em>, cantaba san\u00a0<strong>Francisco de As\u00eds<\/strong>, es el ejemplo por excelencia del cuidado de lo que es d\u00e9bil y de una ecolog\u00eda integral, vivida con alegr\u00eda y autenticidad. Es el santo patrono de todos los que estudian y trabajan en torno a la ecolog\u00eda.<\/p>\n<p>&nbsp;<\/p>\n<p>\u201cLa naturaleza est\u00e1 llena de palabras de amor, pero \u00bfc\u00f3mo podremos escucharlas en medio del ruido constante, de la distracci\u00f3n permanente y ansiosa, o del culto a la apariencia? Una ecolog\u00eda integral implica dedicar algo de tiempo para recuperar la serena armon\u00eda con la creaci\u00f3n, para reflexionar acerca de nuestro estilo de vida y nuestros ideales, para contemplar al Creador, que vive entre nosotros y en lo que nos rodea, cuya presencia \u00abno debe ser fabricada sino descubierta, develada\u201d. LS. 255.<\/p>\n<p>&nbsp;<\/p>\n<p>La Delegaci\u00f3n del Medio Ambiente tiene como encargado Francisco Javier Garc\u00eda Verdejo.<\/p>\n<p>&nbsp;<\/p>\n<p><img loading=\"lazy\" class=\"aligncenter  wp-image-6554\" src=\"https:\/\/obispadosanfelipe.cl\/2020\/wp-content\/uploads\/2021\/11\/ecologia-850x310-1-300x109.jpg\" alt=\"\" width=\"495\" height=\"180\" srcset=\"https:\/\/obispadosanfelipe.cl\/2020\/wp-content\/uploads\/2021\/11\/ecologia-850x310-1-300x109.jpg 300w, https:\/\/obispadosanfelipe.cl\/2020\/wp-content\/uploads\/2021\/11\/ecologia-850x310-1-768x280.jpg 768w, https:\/\/obispadosanfelipe.cl\/2020\/wp-content\/uploads\/2021\/11\/ecologia-850x310-1.jpg 850w\" sizes=\"(max-width: 495px) 100vw, 495px\" \/><\/p>\n<p>&nbsp;<\/p>\n<p>&nbsp;<\/p>\n<p>&nbsp;<\/p>\n","protected":false},"excerpt":{"rendered":"<p>Laudato si\u2019, mi\u2019 Signore\u00a0\u2013\u00a0Alabado seas, mi Se\u00f1or, cantaba san\u00a0Francisco de As\u00eds, es el ejemplo por excelencia del cuidado de lo que es d\u00e9bil y de una ecolog\u00eda integral, vivida con&hellip;<\/p>\n","protected":false},"author":1,"featured_media":0,"parent":0,"menu_order":0,"comment_status":"closed","ping_status":"closed","template":"","meta":[],"_links":{"self":[{"href":"https:\/\/obispadosanfelipe.cl\/2020\/wp-json\/wp\/v2\/pages\/6556"}],"collection":[{"href":"https:\/\/obispadosanfelipe.cl\/2020\/wp-json\/wp\/v2\/pages"}],"about":[{"href":"https:\/\/obispadosanfelipe.cl\/2020\/wp-json\/wp\/v2\/types\/page"}],"author":[{"embeddable":true,"href":"https:\/\/obispadosanfelipe.cl\/2020\/wp-json\/wp\/v2\/users\/1"}],"replies":[{"embeddable":true,"href":"https:\/\/obispadosanfelipe.cl\/2020\/wp-json\/wp\/v2\/comments?post=6556"}],"version-history":[{"count":1,"href":"https:\/\/obispadosanfelipe.cl\/2020\/wp-json\/wp\/v2\/pages\/6556\/revisions"}],"predecessor-version":[{"id":6557,"href":"https:\/\/obispadosanfelipe.cl\/2020\/wp-json\/wp\/v2\/pages\/6556\/revisions\/6557"}],"wp:attachment":[{"href":"https:\/\/obispadosanfelipe.cl\/2020\/wp-json\/wp\/v2\/media?parent=6556"}],"curies":[{"name":"wp","href":"https:\/\/api.w.org\/{rel}","templated":true}]}}

Delegación Episcopal del Medio Ambiente

<p><em>Laudato si’, mi’ Signore</em> – <em>Alabado seas, mi Señor</em>, cantaba san <strong>Francisco de Asís</strong>, es el ejemplo por excelencia del cuidado de lo que es débil y de una ecología integral, vivida con alegría y autenticidad. Es el santo patrono de todos los que estudian y trabajan en torno a la ecología.</p>
<p>&nbsp;</p>
<p>“La naturaleza está llena de palabras de amor, pero ¿cómo podremos escucharlas en medio del ruido constante, de la distracción permanente y ansiosa, o del culto a la apariencia? Una ecología integral implica dedicar algo de tiempo para recuperar la serena armonía con la creación, para reflexionar acerca de nuestro estilo de vida y nuestros ideales, para contemplar al Creador, que vive entre nosotros y en lo que nos rodea, cuya presencia «no debe ser fabricada sino descubierta, develada”. LS. 255.</p>
<p>&nbsp;</p>
<p>La Delegación del Medio Ambiente tiene como encargado Francisco Javier García Verdejo.</p>
<p>&nbsp;</p>
<p><img loading="lazy" class="aligncenter  wp-image-6554" src="https://obispadosanfelipe.cl/2020/wp-content/uploads/2021/11/ecologia-850x310-1-300x109.jpg" alt="" width="495" height="180" srcset="https://obispadosanfelipe.cl/2020/wp-content/uploads/2021/11/ecologia-850x310-1-300x109.jpg 300w, https://obispadosanfelipe.cl/2020/wp-content/uploads/2021/11/ecologia-850x310-1-768x280.jpg 768w, https://obispadosanfelipe.cl/2020/wp-content/uploads/2021/11/ecologia-850x310-1.jpg 850w" sizes="(max-width: 495px) 100vw, 495px" /></p>
<p>&nbsp;</p>
<p>&nbsp;</p>
<p>&nbsp;</p>

<p>Laudato si’, mi’ Signore – Alabado seas, mi Señor, cantaba san Francisco de Asís, es el ejemplo por excelencia del cuidado de lo que es débil y de una ecología integral, vivida con&hellip;</p>
