{"id":6558,"date":"2021-11-25T01:34:40","date_gmt":"2021-11-25T01:34:40","guid":{"rendered":"https:\/\/obispadosanfelipe.cl\/2020\/?page_id=6558"},"modified":"2021-11-25T01:34:40","modified_gmt":"2021-11-25T01:34:40","slug":"delegacion-episcopal-de-la-vida-y-formacion-del-clero","status":"publish","type":"page","link":"https:\/\/obispadosanfelipe.cl\/2020\/delegacion-episcopal-de-la-vida-y-formacion-del-clero\/","title":{"rendered":"Delegaci\u00f3n Episcopal de la Vida y Formaci\u00f3n del Clero"},"content":{"rendered":"<p>El objetivo de esta delegaci\u00f3n es organizar y animar la formaci\u00f3n de los sacerdotes diocesanos y di\u00e1conos permanentes.<\/p>\n<p>&nbsp;<\/p>\n<h2><b>Gratitud<\/b><\/h2>\n<p>La segunda palabra clave es \u201cgratitud\u201d. El Santo Padre recuerda que \u201cla vocaci\u00f3n, m\u00e1s que una elecci\u00f3n nuestra, es respuesta a un llamado gratuito del Se\u00f1or\u201d. Retomando la ense\u00f1anza de un maestro de vida sacerdotal de su pa\u00eds natal, el Papa exhorta \u201ca volver a esos momentos luminosos en que experimentamos el llamado del Se\u00f1or a consagrar toda nuestra vida a su servicio\u201d, a aquel \u201cs\u00ed\u201d crecido \u201cen el seno de una comunidad cristiana\u201d. \u201cEn momentos de tribulaci\u00f3n, fragilidad, as\u00ed como en los de debilidad y manifestaci\u00f3n de nuestros l\u00edmites, cuando la peor de todas las tentaciones es quedarse rumiando la desolaci\u00f3n\u00a0 fragmentando la mirada, el juicio y el coraz\u00f3n\u201d, es \u201ccrucial\u201d, explica Francisco, no s\u00f3lo no perder la memoria agradecida del paso del Se\u00f1or por nuestra vida que nos invit\u00f3 a jug\u00e1rnosla por \u00c9l y por su Pueblo\u201d. \u201cEl agradecimiento siempre es un \u201carma poderosa\u201d. S\u00f3lo si somos capaces de contemplar y agradecer concretamente todos los gestos de amor, generosidad, solidaridad y confianza, as\u00ed como de perd\u00f3n, paciencia, aguante y compasi\u00f3n con los que fuimos tratados, dejaremos al Esp\u00edritu regalarnos ese aire fresco capaz de renovar (y no emparchar) nuestra vida y misi\u00f3n\u201d.<\/p>\n<p>&nbsp;<\/p>\n<p>&nbsp;<\/p>\n<p>Delegado Pbro. Gustavo Adolfo Morales L\u00f3pez.<\/p>\n<p>Correo electr\u00f3nico: pgaml603@gmail.com<\/p>\n<p>&nbsp;<\/p>\n<p>&nbsp;<\/p>\n<p><img loading=\"lazy\" class=\"aligncenter  wp-image-6559\" src=\"https:\/\/obispadosanfelipe.cl\/2020\/wp-content\/uploads\/2021\/11\/cq5dam.thumbnail.cropped.750.422-300x169.jpeg\" alt=\"\" width=\"373\" height=\"210\" srcset=\"https:\/\/obispadosanfelipe.cl\/2020\/wp-content\/uploads\/2021\/11\/cq5dam.thumbnail.cropped.750.422-300x169.jpeg 300w, https:\/\/obispadosanfelipe.cl\/2020\/wp-content\/uploads\/2021\/11\/cq5dam.thumbnail.cropped.750.422.jpeg 750w\" sizes=\"(max-width: 373px) 100vw, 373px\" \/><\/p>\n","protected":false},"excerpt":{"rendered":"<p>El objetivo de esta delegaci\u00f3n es organizar y animar la formaci\u00f3n de los sacerdotes diocesanos y di\u00e1conos permanentes. &nbsp; Gratitud La segunda palabra clave es \u201cgratitud\u201d. El Santo Padre recuerda&hellip;<\/p>\n","protected":false},"author":1,"featured_media":0,"parent":0,"menu_order":0,"comment_status":"closed","ping_status":"closed","template":"","meta":[],"_links":{"self":[{"href":"https:\/\/obispadosanfelipe.cl\/2020\/wp-json\/wp\/v2\/pages\/6558"}],"collection":[{"href":"https:\/\/obispadosanfelipe.cl\/2020\/wp-json\/wp\/v2\/pages"}],"about":[{"href":"https:\/\/obispadosanfelipe.cl\/2020\/wp-json\/wp\/v2\/types\/page"}],"author":[{"embeddable":true,"href":"https:\/\/obispadosanfelipe.cl\/2020\/wp-json\/wp\/v2\/users\/1"}],"replies":[{"embeddable":true,"href":"https:\/\/obispadosanfelipe.cl\/2020\/wp-json\/wp\/v2\/comments?post=6558"}],"version-history":[{"count":1,"href":"https:\/\/obispadosanfelipe.cl\/2020\/wp-json\/wp\/v2\/pages\/6558\/revisions"}],"predecessor-version":[{"id":6560,"href":"https:\/\/obispadosanfelipe.cl\/2020\/wp-json\/wp\/v2\/pages\/6558\/revisions\/6560"}],"wp:attachment":[{"href":"https:\/\/obispadosanfelipe.cl\/2020\/wp-json\/wp\/v2\/media?parent=6558"}],"curies":[{"name":"wp","href":"https:\/\/api.w.org\/{rel}","templated":true}]}}

Delegación Episcopal de la Vida y Formación del Clero

<p>El objetivo de esta delegación es organizar y animar la formación de los sacerdotes diocesanos y diáconos permanentes.</p>
<p>&nbsp;</p>
<h2><b>Gratitud</b></h2>
<p>La segunda palabra clave es “gratitud”. El Santo Padre recuerda que “la vocación, más que una elección nuestra, es respuesta a un llamado gratuito del Señor”. Retomando la enseñanza de un maestro de vida sacerdotal de su país natal, el Papa exhorta “a volver a esos momentos luminosos en que experimentamos el llamado del Señor a consagrar toda nuestra vida a su servicio”, a aquel “sí” crecido “en el seno de una comunidad cristiana”. “En momentos de tribulación, fragilidad, así como en los de debilidad y manifestación de nuestros límites, cuando la peor de todas las tentaciones es quedarse rumiando la desolación  fragmentando la mirada, el juicio y el corazón”, es “crucial”, explica Francisco, no sólo no perder la memoria agradecida del paso del Señor por nuestra vida que nos invitó a jugárnosla por Él y por su Pueblo”. “El agradecimiento siempre es un “arma poderosa”. Sólo si somos capaces de contemplar y agradecer concretamente todos los gestos de amor, generosidad, solidaridad y confianza, así como de perdón, paciencia, aguante y compasión con los que fuimos tratados, dejaremos al Espíritu regalarnos ese aire fresco capaz de renovar (y no emparchar) nuestra vida y misión”.</p>
<p>&nbsp;</p>
<p>&nbsp;</p>
<p>Delegado Pbro. Gustavo Adolfo Morales López.</p>
<p>Correo electrónico: pgaml603@gmail.com</p>
<p>&nbsp;</p>
<p>&nbsp;</p>
<p><img loading="lazy" class="aligncenter  wp-image-6559" src="https://obispadosanfelipe.cl/2020/wp-content/uploads/2021/11/cq5dam.thumbnail.cropped.750.422-300x169.jpeg" alt="" width="373" height="210" srcset="https://obispadosanfelipe.cl/2020/wp-content/uploads/2021/11/cq5dam.thumbnail.cropped.750.422-300x169.jpeg 300w, https://obispadosanfelipe.cl/2020/wp-content/uploads/2021/11/cq5dam.thumbnail.cropped.750.422.jpeg 750w" sizes="(max-width: 373px) 100vw, 373px" /></p>

<p>El objetivo de esta delegación es organizar y animar la formación de los sacerdotes diocesanos y diáconos permanentes. &nbsp; Gratitud La segunda palabra clave es “gratitud”. El Santo Padre recuerda&hellip;</p>
