{"id":18,"date":"2020-05-27T22:09:05","date_gmt":"2020-05-27T22:09:05","guid":{"rendered":"https:\/\/obispadosanfelipe.cl\/unoporciento\/?page_id=18"},"modified":"2020-06-16T00:23:58","modified_gmt":"2020-06-16T00:23:58","slug":"como-aportar","status":"publish","type":"page","link":"https:\/\/obispadosanfelipe.cl\/unoporciento\/como-aportar\/","title":{"rendered":"Aporte inmediato #Qu\u00e9dateEnCasa"},"content":{"rendered":"<h4 class=\"text-center mb-3\">Aporte inmediato #Qu\u00e9dateEnCasa<\/h4>\n<div class=\"textos2\">\n<p>Hoy m\u00e1s que nunca necesitamos tu aporte. Ante la situaci\u00f3n de pandemia que vivimos, la Iglesia sigue cumpliendo su misi\u00f3n de orar y celebrar, de acompa\u00f1ar y asistir a las personas que m\u00e1s sufren. Los servicios presenciales se realizan respetando los protocolos de la autoridad. El personal contratado (secretarias, sacristanes, etc.) contin\u00faan trabajando para que el mensaje de Cristo y la solidaridad de los hermanos lleguen por los diversos medios a quienes lo necesitan m\u00e1s.<\/p>\n<h4 class=\"text-center\">C\u00f3mo Aportar el 1%<\/h4>\n<h5>Donaci\u00f3n v\u00eda Transferencia Bancaria<\/h5>\n<p align=\"justify\">Dep\u00f3sito en Cuenta Corriente 95791-7 del Banco Santander, a nombre de Conferencia Episcopal de Chile, RUT 70.004.880-2.<\/p>\n<p align=\"justify\"><strong>MUY IMPORTANTE<br \/>\n<\/strong>Para que su aporte se destine a la Di\u00f3cesis y Parroquia que usted determine, es absolutamente necesario que se env\u00ede la confirmaci\u00f3n de la transferencia al mail\u00a0<a href=\"mailto:webpay@episcopado.cl\">webpay@episcopado.cl<\/a>\u00a0indicando en el mensaje, con la mayor claridad posible, el destino del aporte (p.e. Di\u00f3cesis: Santiago, Parroquia: Cristo Redentor de Pudahuel), de lo contrario no ser\u00e1 posible identificar su aporte y \u00e9ste no ser\u00e1 recibido por la Parroquia elegida, si no enviado a la Conferencia Episcopal de Chile.<\/p>\n<p align=\"justify\">Cualquier duda a este respecto, le pedimos que nos contacte a\u00a0<a href=\"mailto:unoporcientocech@iglesia.cl\">unoporcientocech@iglesia.cl<\/a><\/p>\n<h5>Donaciones en L\u00ednea<\/h5>\n<p align=\"justify\">A trav\u00e9s de este link:\u00a0<a href=\"http:\/\/www6.uc.cl\/unoporciento\/php\/contribucion.php\" target=\"_blank\" rel=\"noopener\">CONTRIBUCION EN LINEA<\/a>, podr\u00e1 hacer su aporte por una vez, eligiendo la parroquia que usted desee y cancelando con su tarjeta de cr\u00e9dito o Redcompra.<\/p>\n<p>Si su aporte se realiza a trav\u00e9s de este mecanismo, no es necesario enviarnos copia de su aporte ni del destino de \u00e9ste.<\/p>\n<div class=\"row justify-content-center mt-5\">\n<div class=\"col col-auto\"><img class=\"img-fluid mx-auto d-block\" src=\"http:\/\/www.unoporciento.cl\/imagenes\/santander.png\" \/><\/div>\n<div class=\"col col-auto\"><img class=\"img-fluid mx-auto d-block\" src=\"http:\/\/www.unoporciento.cl\/imagenes\/tbanc.png\" \/><\/div>\n<div class=\"col col-auto\"><img class=\"img-fluid mx-auto d-block\" src=\"http:\/\/www.unoporciento.cl\/imagenes\/chile.png\" \/><\/div>\n<div class=\"col col-auto\"><img class=\"img-fluid mx-auto d-block\" src=\"http:\/\/www.unoporciento.cl\/imagenes\/security.png\" \/><\/div>\n<div class=\"col col-auto\"><img class=\"img-fluid mx-auto d-block\" src=\"http:\/\/www.unoporciento.cl\/imagenes\/bci.png\" \/><\/div>\n<div class=\"col col-auto\"><img class=\"img-fluid mx-auto d-block\" src=\"http:\/\/www.unoporciento.cl\/imagenes\/edwards.png\" \/><\/div>\n<\/div>\n<\/div>\n","protected":false},"excerpt":{"rendered":"<p>Aporte inmediato #Qu\u00e9dateEnCasa Hoy m\u00e1s que nunca necesitamos tu aporte. Ante la situaci\u00f3n de pandemia que vivimos, la Iglesia sigue cumpliendo su misi\u00f3n de orar y celebrar, de acompa\u00f1ar y asistir a las personas que m\u00e1s sufren. Los servicios presenciales se realizan respetando los protocolos de la autoridad. El personal contratado (secretarias, sacristanes, etc.) contin\u00faan trabajando para que el mensaje de Cristo y la solidaridad de los hermanos lleguen por los diversos medios a quienes lo necesitan m\u00e1s. C\u00f3mo Aportar&#8230;<\/p>\n<p class=\"read-more\"><a class=\"btn btn-default\" href=\"https:\/\/obispadosanfelipe.cl\/unoporciento\/como-aportar\/\">Leer m\u00e1s<span class=\"screen-reader-text\"> Leer m\u00e1s<\/span><\/a><\/p>\n","protected":false},"author":1,"featured_media":0,"parent":0,"menu_order":0,"comment_status":"closed","ping_status":"closed","template":"","meta":[],"_links":{"self":[{"href":"https:\/\/obispadosanfelipe.cl\/unoporciento\/wp-json\/wp\/v2\/pages\/18"}],"collection":[{"href":"https:\/\/obispadosanfelipe.cl\/unoporciento\/wp-json\/wp\/v2\/pages"}],"about":[{"href":"https:\/\/obispadosanfelipe.cl\/unoporciento\/wp-json\/wp\/v2\/types\/page"}],"author":[{"embeddable":true,"href":"https:\/\/obispadosanfelipe.cl\/unoporciento\/wp-json\/wp\/v2\/users\/1"}],"replies":[{"embeddable":true,"href":"https:\/\/obispadosanfelipe.cl\/unoporciento\/wp-json\/wp\/v2\/comments?post=18"}],"version-history":[{"count":2,"href":"https:\/\/obispadosanfelipe.cl\/unoporciento\/wp-json\/wp\/v2\/pages\/18\/revisions"}],"predecessor-version":[{"id":35,"href":"https:\/\/obispadosanfelipe.cl\/unoporciento\/wp-json\/wp\/v2\/pages\/18\/revisions\/35"}],"wp:attachment":[{"href":"https:\/\/obispadosanfelipe.cl\/unoporciento\/wp-json\/wp\/v2\/media?parent=18"}],"curies":[{"name":"wp","href":"https:\/\/api.w.org\/{rel}","templated":true}]}}